Last updated on 2024-08-16 12:49:16 CEST.
Flavor | Version | Tinstall | Tcheck | Ttotal | Status | Flags |
---|---|---|---|---|---|---|
r-devel-linux-x86_64-debian-clang | 0.8.1 | 633.34 | 35.60 | 668.94 | OK | |
r-devel-linux-x86_64-debian-gcc | 0.8.1 | 471.46 | 28.75 | 500.21 | OK | |
r-devel-linux-x86_64-fedora-clang | 0.8.1 | 1288.01 | NOTE | |||
r-devel-linux-x86_64-fedora-gcc | 0.8.1 | 1315.85 | OK | |||
r-devel-windows-x86_64 | 0.8.1 | 442.00 | 144.00 | 586.00 | NOTE | |
r-patched-linux-x86_64 | 0.8.1 | 621.34 | 34.40 | 655.74 | OK | |
r-release-linux-x86_64 | 0.8.1 | 615.35 | 34.28 | 649.63 | OK | |
r-release-macos-arm64 | 0.8.1 | 255.00 | NOTE | |||
r-release-macos-x86_64 | 0.8.1 | 226.00 | NOTE | |||
r-release-windows-x86_64 | 0.8.1 | 467.00 | 172.00 | 639.00 | NOTE | |
r-oldrel-macos-arm64 | 0.8.1 | 235.00 | ERROR | |||
r-oldrel-macos-x86_64 | 0.8.1 | 317.00 | ERROR | |||
r-oldrel-windows-x86_64 | 0.8.1 | 463.00 | 213.00 | 676.00 | NOTE |
Version: 0.8.1
Check: installed package size
Result: NOTE
installed size is 19.2Mb
sub-directories of 1Mb or more:
libs 18.9Mb
Flavors: r-devel-linux-x86_64-fedora-clang, r-devel-windows-x86_64, r-release-macos-arm64, r-release-macos-x86_64, r-release-windows-x86_64, r-oldrel-macos-arm64, r-oldrel-macos-x86_64, r-oldrel-windows-x86_64
Version: 0.8.1
Check: running R code from vignettes
Result: ERROR
Errors in running code in vignettes:
when running code in ‘knitr.Rmd’
...
derive {mpg_int = math.round 0 mpg}
take 3
```
````
> cat("````markdown", knitr::knit_child(text = src_with_con,
+ quiet = TRUE), "````", sep = "")
When sourcing ‘knitr.R’:
Error: character argument expected
Execution halted
‘knitr.Rmd’ using ‘UTF-8’... failed
‘prqlr.Rmd’ using ‘UTF-8’... [3s/3s] OK
Flavor: r-oldrel-macos-arm64
Version: 0.8.1
Check: running R code from vignettes
Result: ERROR
Errors in running code in vignettes:
when running code in ‘knitr.Rmd’
...
derive {mpg_int = math.round 0 mpg}
take 3
```
````
> cat("````markdown", knitr::knit_child(text = src_with_con,
+ quiet = TRUE), "````", sep = "")
When sourcing ‘knitr.R’:
Error: character argument expected
Execution halted
‘knitr.Rmd’ using ‘UTF-8’... failed
‘prqlr.Rmd’ using ‘UTF-8’... [5s/11s] OK
Flavor: r-oldrel-macos-x86_64