Last updated on 2024-07-18 01:55:40 CEST.
Flavor | Version | Tinstall | Tcheck | Ttotal | Status | Flags |
---|---|---|---|---|---|---|
r-devel-linux-x86_64-debian-clang | 0.3-21 | 312.50 | 110.63 | 423.13 | OK | |
r-devel-linux-x86_64-debian-gcc | 0.3-21 | 198.03 | 79.39 | 277.42 | OK | |
r-devel-linux-x86_64-fedora-clang | 0.3-21 | 623.17 | OK | |||
r-devel-linux-x86_64-fedora-gcc | 0.3-21 | 607.53 | OK | |||
r-devel-windows-x86_64 | 0.3-21 | 236.00 | 113.00 | 349.00 | OK | |
r-patched-linux-x86_64 | 0.3-21 | 243.77 | 106.69 | 350.46 | OK | |
r-release-linux-x86_64 | 0.3-21 | 237.58 | 101.30 | 338.88 | OK | |
r-release-macos-arm64 | 0.3-21 | 105.00 | NOTE | |||
r-release-macos-x86_64 | 0.3-21 | 116.00 | NOTE | |||
r-release-windows-x86_64 | 0.3-21 | 241.00 | 119.00 | 360.00 | OK | |
r-oldrel-macos-arm64 | 0.3-21 | 116.00 | NOTE | |||
r-oldrel-macos-x86_64 | 0.3-21 | 160.00 | NOTE | |||
r-oldrel-windows-x86_64 | 0.3-21 | 288.00 | 143.00 | 431.00 | OK |
Version: 0.3-21
Check: installed package size
Result: NOTE
installed size is 7.4Mb
sub-directories of 1Mb or more:
libs 7.3Mb
Flavors: r-release-macos-arm64, r-release-macos-x86_64, r-oldrel-macos-arm64, r-oldrel-macos-x86_64