Last updated on 2024-07-18 01:55:40 CEST.
Flavor | Version | Tinstall | Tcheck | Ttotal | Status | Flags |
---|---|---|---|---|---|---|
r-devel-linux-x86_64-debian-clang | 0.1-2 | 3.39 | 27.75 | 31.14 | NOTE | |
r-devel-linux-x86_64-debian-gcc | 0.1-2 | 2.38 | 20.65 | 23.03 | NOTE | |
r-devel-linux-x86_64-fedora-clang | 0.1-2 | 39.65 | NOTE | |||
r-devel-linux-x86_64-fedora-gcc | 0.1-2 | 36.51 | NOTE | |||
r-devel-windows-x86_64 | 0.1-2 | 3.00 | 43.00 | 46.00 | NOTE | |
r-patched-linux-x86_64 | 0.1-2 | 3.00 | 25.71 | 28.71 | NOTE | |
r-release-linux-x86_64 | 0.1-2 | 2.88 | 25.56 | 28.44 | NOTE | |
r-release-macos-arm64 | 0.1-2 | 18.00 | NOTE | |||
r-release-macos-x86_64 | 0.1-2 | 23.00 | NOTE | |||
r-release-windows-x86_64 | 0.1-2 | 3.00 | 45.00 | 48.00 | NOTE | |
r-oldrel-macos-arm64 | 0.1-2 | 18.00 | NOTE | |||
r-oldrel-macos-x86_64 | 0.1-2 | 23.00 | NOTE | |||
r-oldrel-windows-x86_64 | 0.1-2 | 3.00 | 45.00 | 48.00 | NOTE |
Version: 0.1-2
Check: Rd files
Result: NOTE
checkRd: (-1) aid_st2.Rd:6: Escaped LaTeX specials: \&
Flavors: r-devel-linux-x86_64-debian-clang, r-devel-linux-x86_64-debian-gcc, r-devel-linux-x86_64-fedora-clang, r-devel-linux-x86_64-fedora-gcc, r-devel-windows-x86_64, r-patched-linux-x86_64, r-release-linux-x86_64, r-release-macos-arm64, r-release-macos-x86_64, r-release-windows-x86_64, r-oldrel-macos-arm64, r-oldrel-macos-x86_64, r-oldrel-windows-x86_64