Last updated on 2024-08-16 12:49:17 CEST.
Flavor | Version | Tinstall | Tcheck | Ttotal | Status | Flags |
---|---|---|---|---|---|---|
r-devel-linux-x86_64-debian-clang | 1.1.1 | 326.92 | 165.15 | 492.07 | OK | |
r-devel-linux-x86_64-debian-gcc | 1.1.1 | 267.04 | 126.35 | 393.39 | OK | |
r-devel-linux-x86_64-fedora-clang | 1.1.1 | 742.85 | OK | |||
r-devel-linux-x86_64-fedora-gcc | 1.1.1 | 989.88 | OK | |||
r-devel-windows-x86_64 | 1.1.1 | 311.00 | 199.00 | 510.00 | OK | |
r-patched-linux-x86_64 | 1.1.1 | 356.07 | 179.79 | 535.86 | OK | |
r-release-linux-x86_64 | 1.1.1 | 355.62 | 180.27 | 535.89 | OK | |
r-release-macos-arm64 | 1.1.1 | 209.00 | NOTE | |||
r-release-macos-x86_64 | 1.1.1 | 240.00 | NOTE | |||
r-release-windows-x86_64 | 1.1.1 | 313.00 | 200.00 | 513.00 | OK | |
r-oldrel-macos-arm64 | 1.1.1 | 184.00 | NOTE | |||
r-oldrel-macos-x86_64 | 1.1.1 | 416.00 | NOTE | |||
r-oldrel-windows-x86_64 | 1.1.1 | 381.00 | 252.00 | 633.00 | OK |
Version: 1.1.1
Check: installed package size
Result: NOTE
installed size is 145.3Mb
sub-directories of 1Mb or more:
libs 144.1Mb
Flavors: r-release-macos-arm64, r-release-macos-x86_64, r-oldrel-macos-arm64, r-oldrel-macos-x86_64