Last updated on 2024-07-18 01:55:40 CEST.
Flavor | Version | Tinstall | Tcheck | Ttotal | Status | Flags |
---|---|---|---|---|---|---|
r-devel-linux-x86_64-debian-clang | 6.5.0-4 | 75.26 | 199.77 | 275.03 | OK | |
r-devel-linux-x86_64-debian-gcc | 6.5.0-4 | 56.38 | 122.25 | 178.63 | OK | |
r-devel-linux-x86_64-fedora-clang | 6.5.0-4 | 313.41 | OK | |||
r-devel-linux-x86_64-fedora-gcc | 6.5.0-4 | 333.74 | WARN | |||
r-devel-windows-x86_64 | 6.5.0-4 | 74.00 | 174.00 | 248.00 | OK | |
r-patched-linux-x86_64 | 6.5.0-4 | 69.37 | 167.95 | 237.32 | OK | |
r-release-linux-x86_64 | 6.5.0-4 | 63.61 | 169.21 | 232.82 | OK | |
r-release-macos-arm64 | 6.5.0-4 | 70.00 | NOTE | |||
r-release-macos-x86_64 | 6.5.0-4 | 105.00 | NOTE | |||
r-release-windows-x86_64 | 6.5.0-4 | 73.00 | 173.00 | 246.00 | OK | |
r-oldrel-macos-arm64 | 6.5.0-4 | 85.00 | NOTE | |||
r-oldrel-macos-x86_64 | 6.5.0-4 | 184.00 | NOTE | |||
r-oldrel-windows-x86_64 | 6.5.0-4 | 88.00 | 220.00 | 308.00 | OK |
Version: 6.5.0-4
Check: whether package can be installed
Result: WARN
Found the following significant warnings:
../inst/include/r2sundials.h:56:12: warning: template-id not allowed for destructor in C++20 [-Wtemplate-id-cdtor]
See ‘/data/gannet/ripley/R/packages/tests-devel/r2sundials.Rcheck/00install.out’ for details.
* used C++ compiler: ‘g++-14 (GCC) 14.1.0’
Flavor: r-devel-linux-x86_64-fedora-gcc
Version: 6.5.0-4
Check: installed package size
Result: NOTE
installed size is 7.5Mb
sub-directories of 1Mb or more:
libs 4.7Mb
Flavors: r-release-macos-arm64, r-release-macos-x86_64, r-oldrel-macos-arm64, r-oldrel-macos-x86_64