Last updated on 2024-08-16 12:49:18 CEST.
Flavor | Version | Tinstall | Tcheck | Ttotal | Status | Flags |
---|---|---|---|---|---|---|
r-devel-linux-x86_64-debian-clang | 1.1.2 | 6.48 | 119.67 | 126.15 | NOTE | |
r-devel-linux-x86_64-debian-gcc | 1.1.2 | 5.55 | 89.53 | 95.08 | NOTE | |
r-devel-linux-x86_64-fedora-clang | 1.1.2 | 200.98 | NOTE | |||
r-devel-linux-x86_64-fedora-gcc | 1.1.2 | 210.04 | NOTE | |||
r-devel-windows-x86_64 | 1.1.2 | 8.00 | 141.00 | 149.00 | NOTE | |
r-patched-linux-x86_64 | 1.1.2 | 7.41 | 115.49 | 122.90 | NOTE | |
r-release-linux-x86_64 | 1.1.2 | 7.46 | 115.36 | 122.82 | NOTE | |
r-release-macos-arm64 | 1.1.2 | 68.00 | NOTE | |||
r-release-macos-x86_64 | 1.1.2 | 129.00 | NOTE | |||
r-release-windows-x86_64 | 1.1.2 | 8.00 | 141.00 | 149.00 | NOTE | |
r-oldrel-macos-arm64 | 1.1.2 | 84.00 | OK | |||
r-oldrel-macos-x86_64 | 1.1.2 | 152.00 | OK | |||
r-oldrel-windows-x86_64 | 1.1.2 | 11.00 | 162.00 | 173.00 | OK |
Version: 1.1.2
Check: Rd files
Result: NOTE
checkRd: (-1) calc_pve.Rd:41: Lost braces in \itemize; \value handles \item{}{} directly
checkRd: (-1) calc_pve.Rd:42: Lost braces in \itemize; \value handles \item{}{} directly
checkRd: (-1) calc_pve.Rd:43: Lost braces in \itemize; \value handles \item{}{} directly
checkRd: (-1) calc_pve.Rd:44: Lost braces in \itemize; \value handles \item{}{} directly
checkRd: (-1) decompose_genoprobs.Rd:17: Lost braces in \itemize; \value handles \item{}{} directly
checkRd: (-1) decompose_genoprobs.Rd:18: Lost braces in \itemize; \value handles \item{}{} directly
checkRd: (-1) decompose_genoprobs.Rd:19: Lost braces in \itemize; \value handles \item{}{} directly
checkRd: (-1) eff_neighbor.Rd:44: Lost braces in \itemize; \value handles \item{}{} directly
checkRd: (-1) eff_neighbor.Rd:45: Lost braces in \itemize; \value handles \item{}{} directly
checkRd: (-1) eff_neighbor.Rd:46: Lost braces in \itemize; \value handles \item{}{} directly
checkRd: (-1) eff_neighbor.Rd:47: Lost braces in \itemize; \value handles \item{}{} directly
checkRd: (-1) eff_neighbor.Rd:48: Lost braces in \itemize; \value handles \item{}{} directly
checkRd: (-1) eff_neighbor.Rd:49: Lost braces in \itemize; \value handles \item{}{} directly
checkRd: (-1) int_neighbor.Rd:44: Lost braces in \itemize; \value handles \item{}{} directly
checkRd: (-1) int_neighbor.Rd:45: Lost braces in \itemize; \value handles \item{}{} directly
checkRd: (-1) int_neighbor.Rd:46: Lost braces in \itemize; \value handles \item{}{} directly
checkRd: (-1) scan_neighbor.Rd:41: Lost braces in \itemize; \value handles \item{}{} directly
checkRd: (-1) scan_neighbor.Rd:42: Lost braces in \itemize; \value handles \item{}{} directly
checkRd: (-1) scan_neighbor.Rd:43: Lost braces in \itemize; \value handles \item{}{} directly
checkRd: (-1) scan_neighbor.Rd:44: Lost braces in \itemize; \value handles \item{}{} directly
checkRd: (-1) sim_nei_qtl.Rd:38: Lost braces in \itemize; \value handles \item{}{} directly
checkRd: (-1) sim_nei_qtl.Rd:39: Lost braces in \itemize; \value handles \item{}{} directly
checkRd: (-1) sim_nei_qtl.Rd:40: Lost braces in \itemize; \value handles \item{}{} directly
Flavors: r-devel-linux-x86_64-debian-clang, r-devel-linux-x86_64-debian-gcc, r-devel-linux-x86_64-fedora-clang, r-devel-linux-x86_64-fedora-gcc, r-devel-windows-x86_64, r-patched-linux-x86_64, r-release-linux-x86_64, r-release-macos-arm64, r-release-macos-x86_64, r-release-windows-x86_64
Version: 1.1.2
Check: dependencies in R code
Result: NOTE
Namespace in Imports field not imported from: ‘qtl’
All declared Imports should be used.
Flavors: r-devel-linux-x86_64-fedora-clang, r-devel-linux-x86_64-fedora-gcc