Last updated on 2024-08-16 12:49:19 CEST.
Flavor | Version | Tinstall | Tcheck | Ttotal | Status | Flags |
---|---|---|---|---|---|---|
r-devel-linux-x86_64-debian-clang | 2.3.3 | 20.43 | 143.08 | 163.51 | NOTE | |
r-devel-linux-x86_64-debian-gcc | 2.3.3 | 14.69 | 97.93 | 112.62 | NOTE | |
r-devel-linux-x86_64-fedora-clang | 2.3.3 | 270.28 | OK | |||
r-devel-linux-x86_64-fedora-gcc | 2.3.3 | 264.55 | OK | |||
r-devel-windows-x86_64 | 2.3.3 | 25.00 | 151.00 | 176.00 | OK | |
r-patched-linux-x86_64 | 2.3.3 | 23.25 | 133.68 | 156.93 | NOTE | |
r-release-linux-x86_64 | 2.3.3 | 21.43 | 135.32 | 156.75 | NOTE | |
r-release-macos-arm64 | 2.3.3 | 69.00 | NOTE | |||
r-release-macos-x86_64 | 2.3.3 | 104.00 | NOTE | |||
r-release-windows-x86_64 | 2.3.3 | 26.00 | 149.00 | 175.00 | OK | |
r-oldrel-macos-arm64 | 2.3.3 | 72.00 | NOTE | |||
r-oldrel-macos-x86_64 | 2.3.3 | 149.00 | NOTE | |||
r-oldrel-windows-x86_64 | 2.3.3 | 28.00 | 186.00 | 214.00 | NOTE |
Version: 2.3.3
Check: package dependencies
Result: NOTE
Package suggested but not available for checking: ‘INLA’
Flavors: r-devel-linux-x86_64-debian-clang, r-devel-linux-x86_64-debian-gcc, r-patched-linux-x86_64, r-release-linux-x86_64, r-release-macos-arm64, r-release-macos-x86_64, r-oldrel-macos-arm64, r-oldrel-macos-x86_64, r-oldrel-windows-x86_64