Last updated on 2024-08-16 12:49:17 CEST.
Flavor | Version | Tinstall | Tcheck | Ttotal | Status | Flags |
---|---|---|---|---|---|---|
r-devel-linux-x86_64-debian-clang | 1.2.4 | 0.46 | 1.78 | 2.24 | ERROR | |
r-devel-linux-x86_64-debian-gcc | 1.2.4 | 0.43 | 1.41 | 1.84 | ERROR | |
r-devel-linux-x86_64-fedora-clang | 1.2.4 | 2.65 | ERROR | |||
r-devel-linux-x86_64-fedora-gcc | 1.2.4 | 2.85 | ERROR | |||
r-devel-windows-x86_64 | 1.2.4 | 56.00 | 167.00 | 223.00 | NOTE | |
r-patched-linux-x86_64 | 1.2.4 | 48.83 | 135.97 | 184.80 | NOTE | |
r-release-linux-x86_64 | 1.2.4 | 48.79 | 138.63 | 187.42 | NOTE | |
r-release-macos-arm64 | 1.2.4 | 94.00 | NOTE | |||
r-release-macos-x86_64 | 1.2.4 | 193.00 | NOTE | |||
r-release-windows-x86_64 | 1.2.4 | 55.00 | 169.00 | 224.00 | NOTE | |
r-oldrel-macos-arm64 | 1.2.4 | 94.00 | NOTE | |||
r-oldrel-macos-x86_64 | 1.2.4 | 166.00 | NOTE | |||
r-oldrel-windows-x86_64 | 1.2.4 | 66.00 | 204.00 | 270.00 | NOTE |
Version: 1.2.4
Check: package dependencies
Result: ERROR
Package required but not available: ‘mvMORPH’
See section ‘The DESCRIPTION file’ in the ‘Writing R Extensions’
manual.
Flavors: r-devel-linux-x86_64-debian-clang, r-devel-linux-x86_64-debian-gcc, r-devel-linux-x86_64-fedora-clang, r-devel-linux-x86_64-fedora-gcc
Version: 1.2.4
Check: C++ specification
Result: NOTE
Specified C++11: please drop specification unless essential
Flavors: r-devel-windows-x86_64, r-patched-linux-x86_64, r-release-linux-x86_64, r-release-macos-arm64, r-release-macos-x86_64, r-release-windows-x86_64, r-oldrel-macos-arm64, r-oldrel-macos-x86_64, r-oldrel-windows-x86_64
Version: 1.2.4
Check: installed package size
Result: NOTE
installed size is 6.6Mb
sub-directories of 1Mb or more:
libs 4.9Mb
Flavors: r-release-macos-arm64, r-release-macos-x86_64, r-oldrel-macos-arm64, r-oldrel-macos-x86_64