Last updated on 2024-07-18 01:55:40 CEST.
Flavor | Version | Tinstall | Tcheck | Ttotal | Status | Flags |
---|---|---|---|---|---|---|
r-devel-linux-x86_64-debian-clang | 0.1.6 | 211.37 | 144.74 | 356.11 | OK | |
r-devel-linux-x86_64-debian-gcc | 0.1.6 | 156.11 | 96.62 | 252.73 | OK | |
r-devel-linux-x86_64-fedora-clang | 0.1.7 | 560.31 | OK | |||
r-devel-linux-x86_64-fedora-gcc | 0.1.7 | 465.34 | OK | |||
r-devel-windows-x86_64 | 0.1.6 | 193.00 | 150.00 | 343.00 | OK | |
r-patched-linux-x86_64 | 0.1.6 | 174.63 | 137.56 | 312.19 | OK | |
r-release-linux-x86_64 | 0.1.6 | 179.89 | 139.51 | 319.40 | OK | |
r-release-macos-arm64 | 0.1.7 | 111.00 | NOTE | |||
r-release-macos-x86_64 | 0.1.7 | 282.00 | NOTE | |||
r-release-windows-x86_64 | 0.1.6 | 193.00 | 157.00 | 350.00 | OK | |
r-oldrel-macos-arm64 | 0.1.7 | 108.00 | NOTE | |||
r-oldrel-macos-x86_64 | 0.1.7 | 185.00 | NOTE | |||
r-oldrel-windows-x86_64 | 0.1.6 | 235.00 | 179.00 | 414.00 | OK |
Version: 0.1.7
Check: installed package size
Result: NOTE
installed size is 14.4Mb
sub-directories of 1Mb or more:
libs 13.6Mb
Flavors: r-release-macos-arm64, r-release-macos-x86_64, r-oldrel-macos-arm64, r-oldrel-macos-x86_64