Last updated on 2024-06-14 13:56:29 CEST.
Flavor | Version | Tinstall | Tcheck | Ttotal | Status | Flags |
---|---|---|---|---|---|---|
r-devel-linux-x86_64-debian-clang | 1.5.1 | 19.41 | 148.97 | 168.38 | NOTE | |
r-devel-linux-x86_64-debian-gcc | 1.5.1 | 15.19 | 110.94 | 126.13 | NOTE | |
r-devel-linux-x86_64-fedora-clang | 1.5.1 | 209.90 | NOTE | |||
r-devel-linux-x86_64-fedora-gcc | 1.5.1 | 207.70 | NOTE | |||
r-devel-windows-x86_64 | 1.5.1 | 17.00 | 128.00 | 145.00 | NOTE | |
r-patched-linux-x86_64 | 1.5.1 | 19.22 | 141.75 | 160.97 | NOTE | |
r-release-linux-x86_64 | 1.5.1 | 13.52 | 145.27 | 158.79 | NOTE | |
r-release-macos-arm64 | 1.5.1 | 63.00 | NOTE | |||
r-release-macos-x86_64 | 1.5.1 | 94.00 | NOTE | |||
r-release-windows-x86_64 | 1.5.1 | 17.00 | 127.00 | 144.00 | NOTE | |
r-oldrel-macos-arm64 | 1.5.1 | 81.00 | OK | |||
r-oldrel-macos-x86_64 | 1.5.1 | 130.00 | OK | |||
r-oldrel-windows-x86_64 | 1.5.1 | 22.00 | 152.00 | 174.00 | OK |
Version: 1.5.1
Check: Rd files
Result: NOTE
checkRd: (-1) calibrate.Rd:82: Lost braces in \itemize; \value handles \item{}{} directly
checkRd: (-1) calibrate.Rd:83: Lost braces in \itemize; \value handles \item{}{} directly
checkRd: (-1) calibrate.Rd:84: Lost braces in \itemize; \value handles \item{}{} directly
checkRd: (-1) ckde.Rd:21: Lost braces in \itemize; \value handles \item{}{} directly
checkRd: (-1) ckde.Rd:22: Lost braces in \itemize; \value handles \item{}{} directly
checkRd: (-1) modelTest.Rd:80: Lost braces in \itemize; \value handles \item{}{} directly
checkRd: (-1) modelTest.Rd:81: Lost braces in \itemize; \value handles \item{}{} directly
checkRd: (-1) modelTest.Rd:82: Lost braces in \itemize; \value handles \item{}{} directly
checkRd: (-1) modelTest.Rd:83: Lost braces in \itemize; \value handles \item{}{} directly
checkRd: (-1) modelTest.Rd:84: Lost braces in \itemize; \value handles \item{}{} directly
checkRd: (-1) modelTest.Rd:85: Lost braces in \itemize; \value handles \item{}{} directly
checkRd: (-1) modelTest.Rd:86: Lost braces in \itemize; \value handles \item{}{} directly
checkRd: (-1) modelTest.Rd:87: Lost braces in \itemize; \value handles \item{}{} directly
checkRd: (-1) modelTest.Rd:88: Lost braces in \itemize; \value handles \item{}{} directly
checkRd: (-1) modelTest.Rd:89: Lost braces in \itemize; \value handles \item{}{} directly
checkRd: (-1) modelTest.Rd:90: Lost braces in \itemize; \value handles \item{}{} directly
checkRd: (-1) modelTest.Rd:91: Lost braces in \itemize; \value handles \item{}{} directly
checkRd: (-1) permTest.Rd:50: Lost braces in \itemize; \value handles \item{}{} directly
checkRd: (-1) permTest.Rd:51: Lost braces in \itemize; \value handles \item{}{} directly
checkRd: (-1) permTest.Rd:52: Lost braces in \itemize; \value handles \item{}{} directly
checkRd: (-1) sampleDates.Rd:23: Lost braces in \itemize; \value handles \item{}{} directly
checkRd: (-1) sampleDates.Rd:24: Lost braces in \itemize; \value handles \item{}{} directly
checkRd: (-1) spd.Rd:38: Lost braces in \itemize; \value handles \item{}{} directly
checkRd: (-1) spd.Rd:39: Lost braces in \itemize; \value handles \item{}{} directly
checkRd: (-1) spkde.Rd:66: Lost braces in \itemize; \value handles \item{}{} directly
checkRd: (-1) spkde.Rd:67: Lost braces in \itemize; \value handles \item{}{} directly
checkRd: (-1) spkde.Rd:68: Lost braces in \itemize; \value handles \item{}{} directly
checkRd: (-1) spkde.Rd:69: Lost braces in \itemize; \value handles \item{}{} directly
checkRd: (-1) stkde.Rd:63: Lost braces in \itemize; \value handles \item{}{} directly
checkRd: (-1) stkde.Rd:64: Lost braces in \itemize; \value handles \item{}{} directly
checkRd: (-1) stkde.Rd:65: Lost braces in \itemize; \value handles \item{}{} directly
checkRd: (-1) stkde.Rd:66: Lost braces in \itemize; \value handles \item{}{} directly
Flavors: r-devel-linux-x86_64-debian-clang, r-devel-linux-x86_64-debian-gcc, r-devel-linux-x86_64-fedora-clang, r-devel-linux-x86_64-fedora-gcc, r-devel-windows-x86_64, r-patched-linux-x86_64, r-release-linux-x86_64, r-release-macos-arm64, r-release-macos-x86_64, r-release-windows-x86_64