CRAN Package Check Results for Package readMzXmlData

Last updated on 2025-10-17 14:51:26 CEST.

Flavor Version Tinstall Tcheck Ttotal Status Flags
r-devel-linux-x86_64-debian-clang 2.8.3 2.88 29.24 32.12 NOTE
r-devel-linux-x86_64-debian-gcc 2.8.3 2.00 22.91 24.91 NOTE
r-devel-linux-x86_64-fedora-clang 2.8.4 27.15 OK
r-devel-linux-x86_64-fedora-gcc 2.8.4 25.98 OK
r-devel-windows-x86_64 2.8.3 5.00 46.00 51.00 NOTE
r-patched-linux-x86_64 2.8.3 3.27 27.72 30.99 NOTE
r-release-linux-x86_64 2.8.3 3.12 27.51 30.63 NOTE
r-release-macos-arm64 2.8.4 17.00 OK
r-release-macos-x86_64 2.8.4 40.00 OK
r-release-windows-x86_64 2.8.3 6.00 47.00 53.00 NOTE
r-oldrel-macos-arm64 2.8.4 24.00 OK
r-oldrel-macos-x86_64 2.8.4 42.00 OK
r-oldrel-windows-x86_64 2.8.3 6.00 51.00 57.00 NOTE

Check Details

Version: 2.8.3
Check: Rd files
Result: NOTE checkRd: (-1) readMzXmlDir.Rd:39: Lost braces in \itemize; \value handles \item{}{} directly checkRd: (-1) readMzXmlDir.Rd:40: Lost braces in \itemize; \value handles \item{}{} directly checkRd: (-1) readMzXmlDir.Rd:41: Lost braces in \itemize; \value handles \item{}{} directly checkRd: (-1) readMzXmlFile.Rd:21: Lost braces in \itemize; \value handles \item{}{} directly checkRd: (-1) readMzXmlFile.Rd:22: Lost braces in \itemize; \value handles \item{}{} directly checkRd: (-1) readMzXmlFile.Rd:23: Lost braces in \itemize; \value handles \item{}{} directly Flavors: r-devel-linux-x86_64-debian-clang, r-devel-linux-x86_64-debian-gcc, r-devel-windows-x86_64, r-patched-linux-x86_64, r-release-linux-x86_64, r-release-windows-x86_64, r-oldrel-windows-x86_64