Last updated on 2025-11-13 12:54:20 CET.
| Flavor | Version | Tinstall | Tcheck | Ttotal | Status | Flags |
|---|---|---|---|---|---|---|
| r-devel-linux-x86_64-debian-clang | 1.9.5 | 57.00 | 86.07 | 143.07 | OK | |
| r-devel-linux-x86_64-debian-gcc | 1.9.5 | 36.94 | 57.60 | 94.54 | OK | |
| r-devel-linux-x86_64-fedora-clang | 1.9.5 | 220.00 | 43.19 | 263.19 | OK | |
| r-devel-linux-x86_64-fedora-gcc | 1.9.5 | 185.00 | 70.00 | 255.00 | OK | |
| r-devel-windows-x86_64 | 1.9.5 | 70.00 | 106.00 | 176.00 | OK | |
| r-patched-linux-x86_64 | 1.9.5 | 60.28 | 79.58 | 139.86 | OK | |
| r-release-linux-x86_64 | 1.9.5 | 55.95 | 79.39 | 135.34 | OK | |
| r-release-macos-arm64 | 1.9.5 | 20.00 | 52.00 | 72.00 | OK | |
| r-release-macos-x86_64 | 1.9.5 | 30.00 | 88.00 | 118.00 | OK | |
| r-release-windows-x86_64 | 1.9.5 | 70.00 | 108.00 | 178.00 | OK | |
| r-oldrel-macos-arm64 | 1.9.5 | 21.00 | 42.00 | 63.00 | OK | |
| r-oldrel-macos-x86_64 | 1.9.5 | 25.00 | 70.00 | 95.00 | OK | |
| r-oldrel-windows-x86_64 | 1.9.5 | 80.00 | 116.00 | 196.00 | ERROR |
Version: 1.9.5
Check: package dependencies
Result: NOTE
Package suggested but not available for checking: 'semPlot'
Flavor: r-oldrel-windows-x86_64
Version: 1.9.5
Check: re-building of vignette outputs
Result: ERROR
Error(s) in re-building vignettes:
--- re-building 'short_intro.Rmd' using knitr
Quitting from short_intro.Rmd:44-46 [unnamed-chunk-3]
~~~~~~~~~~~~~~~~~~~~~~~~~~~~~~~~~~~~~~~~~~~~~~~~~~~~~~~~~~~~~~~~~~~~~~~~~~~~~~~~
<error/rlang_error>
Error in `loadNamespace()`:
! there is no package called 'semPlot'
---
Backtrace:
▆
1. └─base::loadNamespace(x)
2. └─base::withRestarts(stop(cond), retry_loadNamespace = function() NULL)
3. └─base (local) withOneRestart(expr, restarts[[1L]])
4. └─base (local) doWithOneRestart(return(expr), restart)
~~~~~~~~~~~~~~~~~~~~~~~~~~~~~~~~~~~~~~~~~~~~~~~~~~~~~~~~~~~~~~~~~~~~~~~~~~~~~~~~
Error: processing vignette 'short_intro.Rmd' failed with diagnostics:
there is no package called 'semPlot'
--- failed re-building 'short_intro.Rmd'
SUMMARY: processing the following file failed:
'short_intro.Rmd'
Error: Vignette re-building failed.
Execution halted
Flavor: r-oldrel-windows-x86_64