Last updated on 2025-11-09 00:49:40 CET.
| Flavor | Version | Tinstall | Tcheck | Ttotal | Status | Flags |
|---|---|---|---|---|---|---|
| r-devel-linux-x86_64-debian-clang | 1.0.1 | 3.89 | 39.71 | 43.60 | OK | |
| r-devel-linux-x86_64-debian-gcc | 1.0.1 | 2.89 | 29.79 | 32.68 | OK | |
| r-devel-linux-x86_64-fedora-clang | 1.0.1 | 67.13 | OK | |||
| r-devel-linux-x86_64-fedora-gcc | 1.0.1 | 77.65 | OK | |||
| r-devel-windows-x86_64 | 1.0.1 | 7.00 | 56.00 | 63.00 | OK | |
| r-patched-linux-x86_64 | 1.0.1 | 4.20 | 36.53 | 40.73 | OK | |
| r-release-linux-x86_64 | 1.0.1 | 3.91 | 36.65 | 40.56 | OK | |
| r-release-macos-arm64 | 1.0.1 | 2.00 | 29.00 | 31.00 | OK | |
| r-release-macos-x86_64 | 1.0.1 | 4.00 | 49.00 | 53.00 | OK | |
| r-release-windows-x86_64 | 1.0.1 | 8.00 | 54.00 | 62.00 | OK | |
| r-oldrel-macos-arm64 | 1.0.1 | 2.00 | 27.00 | 29.00 | NOTE | |
| r-oldrel-macos-x86_64 | 1.0.1 | 3.00 | 40.00 | 43.00 | NOTE | |
| r-oldrel-windows-x86_64 | 1.0.1 | 8.00 | 66.00 | 74.00 | NOTE |
Version: 1.0.1
Check: LazyData
Result: NOTE
'LazyData' is specified without a 'data' directory
Flavors: r-oldrel-macos-arm64, r-oldrel-macos-x86_64, r-oldrel-windows-x86_64