CRAN Package Check Results for Package resourcecode

Last updated on 2025-07-04 00:50:15 CEST.

Flavor Version Tinstall Tcheck Ttotal Status Flags
r-devel-linux-x86_64-debian-clang 0.2.1 23.32 66.02 89.34 NOTE
r-devel-linux-x86_64-debian-gcc 0.2.1 15.29 48.69 63.98 NOTE
r-devel-linux-x86_64-fedora-clang 0.2.1 151.30 NOTE
r-devel-linux-x86_64-fedora-gcc 0.2.1 151.39 NOTE
r-devel-windows-x86_64 0.2.1 28.00 101.00 129.00 NOTE
r-patched-linux-x86_64 0.2.1 23.64 61.94 85.58 NOTE
r-release-linux-x86_64 0.2.1 22.72 62.21 84.93 NOTE
r-release-macos-arm64 0.2.1 46.00 NOTE
r-release-macos-x86_64 0.2.1 82.00 NOTE
r-release-windows-x86_64 0.2.1 31.00 98.00 129.00 NOTE
r-oldrel-macos-arm64 0.2.1 48.00 NOTE
r-oldrel-macos-x86_64 0.2.1 83.00 NOTE
r-oldrel-windows-x86_64 0.2.1 34.00 114.00 148.00 NOTE

Check Details

Version: 0.2.1
Check: DESCRIPTION meta-information
Result: NOTE Missing dependency on R >= 4.1.0 because package code uses the pipe |> or function shorthand \(...) syntax added in R 4.1.0. File(s) using such syntax: ‘compute_orbital_speeds.Rd’ ‘specta_data_processing.R’ Flavors: r-devel-linux-x86_64-debian-clang, r-devel-linux-x86_64-debian-gcc, r-devel-linux-x86_64-fedora-clang, r-devel-linux-x86_64-fedora-gcc, r-devel-windows-x86_64, r-patched-linux-x86_64, r-release-linux-x86_64, r-release-macos-arm64, r-release-windows-x86_64

Version: 0.2.1
Check: DESCRIPTION meta-information
Result: NOTE Missing dependency on R >= 4.1.0 because package code uses the pipe |> or function shorthand \(...) syntax added in R 4.1.0. File(s) using such syntax: ‘specta_data_processing.R’ Flavor: r-release-macos-x86_64

Version: 0.2.1
Check: package dependencies
Result: NOTE Package suggested but not available for checking: ‘resourcecodedata’ Flavors: r-oldrel-macos-arm64, r-oldrel-macos-x86_64, r-oldrel-windows-x86_64