CRAN Package Check Results for Package resquin

Last updated on 2025-07-08 13:49:18 CEST.

Flavor Version Tinstall Tcheck Ttotal Status Flags
r-devel-linux-x86_64-debian-clang 0.1.1 2.16 41.19 43.35 OK
r-devel-linux-x86_64-debian-gcc 0.1.1 1.85 31.27 33.12 OK
r-devel-linux-x86_64-fedora-clang 0.1.1 64.84 OK
r-devel-linux-x86_64-fedora-gcc 0.1.1 76.35 OK
r-devel-windows-x86_64 0.1.1 4.00 61.00 65.00 OK
r-patched-linux-x86_64 0.1.1 2.50 37.42 39.92 OK
r-release-linux-x86_64 0.1.1 2.17 37.47 39.64 OK
r-release-macos-arm64 0.0.2 30.00 NOTE
r-release-macos-x86_64 0.1.1 72.00 OK
r-release-windows-x86_64 0.1.1 4.00 62.00 66.00 OK
r-oldrel-macos-arm64 0.0.2 26.00 OK
r-oldrel-macos-x86_64 0.1.1 63.00 OK
r-oldrel-windows-x86_64 0.1.1 6.00 71.00 77.00 OK

Check Details

Version: 0.0.2
Check: DESCRIPTION meta-information
Result: NOTE Missing dependency on R >= 4.1.0 because package code uses the pipe |> or function shorthand \(...) syntax added in R 4.1.0. File(s) using such syntax: ‘resp_distributions.R’ ‘resp_distributions.Rd’ ‘resp_styles.Rd’ ‘util.R’ Flavor: r-release-macos-arm64