Last updated on 2024-07-18 01:55:41 CEST.
Flavor | Version | Tinstall | Tcheck | Ttotal | Status | Flags |
---|---|---|---|---|---|---|
r-devel-linux-x86_64-debian-clang | 1.2.1 | 3.22 | 40.16 | 43.38 | NOTE | |
r-devel-linux-x86_64-debian-gcc | 1.2.1 | 3.29 | 30.86 | 34.15 | NOTE | |
r-devel-linux-x86_64-fedora-clang | 1.2.1 | 54.64 | NOTE | |||
r-devel-linux-x86_64-fedora-gcc | 1.2.1 | 51.79 | NOTE | |||
r-devel-windows-x86_64 | 1.2.1 | 5.00 | 54.00 | 59.00 | NOTE | |
r-patched-linux-x86_64 | 1.2.1 | 4.32 | 39.18 | 43.50 | NOTE | |
r-release-linux-x86_64 | 1.2.1 | 3.85 | 38.73 | 42.58 | NOTE | |
r-release-macos-arm64 | 1.2.1 | 21.00 | NOTE | |||
r-release-macos-x86_64 | 1.2.1 | 29.00 | NOTE | |||
r-release-windows-x86_64 | 1.2.1 | 5.00 | 54.00 | 59.00 | NOTE | |
r-oldrel-macos-arm64 | 1.2.1 | 22.00 | NOTE | |||
r-oldrel-macos-x86_64 | 1.2.1 | 28.00 | NOTE | |||
r-oldrel-windows-x86_64 | 1.2.1 | 5.00 | 59.00 | 64.00 | NOTE |
Version: 1.2.1
Check: package subdirectories
Result: NOTE
Problems with news in ‘NEWS.md’:
No news entries found.
Flavors: r-devel-linux-x86_64-debian-clang, r-devel-linux-x86_64-debian-gcc, r-devel-linux-x86_64-fedora-clang, r-devel-linux-x86_64-fedora-gcc, r-devel-windows-x86_64, r-patched-linux-x86_64, r-release-linux-x86_64, r-release-macos-arm64, r-release-macos-x86_64, r-release-windows-x86_64, r-oldrel-macos-arm64, r-oldrel-macos-x86_64, r-oldrel-windows-x86_64