Last updated on 2024-07-18 01:55:41 CEST.
Flavor | Version | Tinstall | Tcheck | Ttotal | Status | Flags |
---|---|---|---|---|---|---|
r-devel-linux-x86_64-debian-clang | 0.1.1 | 161.53 | 39.89 | 201.42 | NOTE | |
r-devel-linux-x86_64-debian-gcc | 0.1.1 | 90.73 | 28.90 | 119.63 | NOTE | |
r-devel-linux-x86_64-fedora-clang | 0.1.1 | 288.69 | NOTE | |||
r-devel-linux-x86_64-fedora-gcc | 0.1.1 | 281.61 | NOTE | |||
r-devel-windows-x86_64 | 0.1.1 | 59.00 | 72.00 | 131.00 | NOTE | |
r-patched-linux-x86_64 | 0.1.1 | 117.77 | 37.56 | 155.33 | NOTE | |
r-release-linux-x86_64 | 0.1.1 | 110.86 | 36.99 | 147.85 | NOTE | |
r-release-macos-arm64 | 0.1.1 | 52.00 | NOTE | |||
r-release-macos-x86_64 | 0.1.1 | 58.00 | NOTE | |||
r-release-windows-x86_64 | 0.1.1 | 61.00 | 71.00 | 132.00 | NOTE | |
r-oldrel-macos-arm64 | 0.1.1 | 52.00 | NOTE | |||
r-oldrel-macos-x86_64 | 0.1.1 | 91.00 | NOTE | |||
r-oldrel-windows-x86_64 | 0.1.1 | 73.00 | 82.00 | 155.00 | NOTE |
Version: 0.1.1
Check: LazyData
Result: NOTE
'LazyData' is specified without a 'data' directory
Flavors: r-devel-linux-x86_64-debian-clang, r-devel-linux-x86_64-debian-gcc, r-devel-linux-x86_64-fedora-clang, r-devel-linux-x86_64-fedora-gcc, r-devel-windows-x86_64, r-patched-linux-x86_64, r-release-linux-x86_64, r-release-macos-arm64, r-release-macos-x86_64, r-release-windows-x86_64, r-oldrel-macos-arm64, r-oldrel-macos-x86_64, r-oldrel-windows-x86_64
Version: 0.1.1
Check: C++ specification
Result: NOTE
Specified C++11: please drop specification unless essential
Flavors: r-devel-windows-x86_64, r-release-windows-x86_64, r-oldrel-windows-x86_64