CRAN Package Check Results for Package rmlnomogram

Last updated on 2025-07-04 12:49:10 CEST.

Flavor Version Tinstall Tcheck Ttotal Status Flags
r-devel-linux-x86_64-debian-clang 0.1.2 6.23 120.63 126.86 NOTE
r-devel-linux-x86_64-debian-gcc 0.1.2 4.85 85.44 90.29 NOTE
r-devel-linux-x86_64-fedora-clang 0.1.2 180.88 OK
r-devel-linux-x86_64-fedora-gcc 0.1.2 187.09 OK
r-devel-windows-x86_64 0.1.2 9.00 106.00 115.00 OK
r-patched-linux-x86_64 0.1.2 6.45 111.49 117.94 OK
r-release-linux-x86_64 0.1.2 5.73 110.84 116.57 OK
r-release-macos-arm64 0.1.2 54.00 OK
r-release-macos-x86_64 0.1.2 93.00 OK
r-release-windows-x86_64 0.1.2 8.00 111.00 119.00 OK
r-oldrel-macos-arm64 0.1.2 54.00 OK
r-oldrel-macos-x86_64 0.1.2 67.00 OK
r-oldrel-windows-x86_64 0.1.2 11.00 135.00 146.00 OK

Check Details

Version: 0.1.2
Check: CRAN incoming feasibility
Result: NOTE Maintainer: ‘Herdiantri Sufriyana <herdi@nycu.edu.tw>’ The Description field contains <https://htmlpreview.github.io/?https://github.com/herdiantrisufriyana/rmlnomogram/blob/master/doc/ml_nomogram_exemplar.html>. Please enclose URLs in angle brackets (<...>). Flavors: r-devel-linux-x86_64-debian-clang, r-devel-linux-x86_64-debian-gcc