Last updated on 2025-10-17 14:51:26 CEST.
Flavor | Version | Tinstall | Tcheck | Ttotal | Status | Flags |
---|---|---|---|---|---|---|
r-devel-linux-x86_64-debian-clang | 0.1.5 | 8.98 | 68.88 | 77.86 | NOTE | |
r-devel-linux-x86_64-debian-gcc | 0.1.5 | 6.69 | 49.68 | 56.37 | NOTE | |
r-devel-linux-x86_64-fedora-clang | 0.1.5 | 117.98 | OK | |||
r-devel-linux-x86_64-fedora-gcc | 0.1.5 | 110.89 | OK | |||
r-devel-windows-x86_64 | 0.1.5 | 10.00 | 71.00 | 81.00 | OK | |
r-patched-linux-x86_64 | 0.1.5 | 8.82 | 63.86 | 72.68 | OK | |
r-release-linux-x86_64 | 0.1.5 | 9.12 | 63.21 | 72.33 | OK | |
r-release-macos-arm64 | 0.1.5 | 35.00 | OK | |||
r-release-macos-x86_64 | 0.1.5 | 63.00 | OK | |||
r-release-windows-x86_64 | 0.1.5 | 11.00 | 73.00 | 84.00 | OK | |
r-oldrel-macos-arm64 | 0.1.5 | 33.00 | OK | |||
r-oldrel-macos-x86_64 | 0.1.5 | 58.00 | OK | |||
r-oldrel-windows-x86_64 | 0.1.5 | 13.00 | 88.00 | 101.00 | OK |
Version: 0.1.5
Check: CRAN incoming feasibility
Result: NOTE
Maintainer: ‘Kentaro Ueno <ueno_kentaro@kuhp.kyoto-u.ac.jp>’
No Authors@R field in DESCRIPTION.
Please add one, modifying
Authors@R: person(given = "Kentaro",
family = "Ueno",
role = c("aut", "cre"),
email = "ueno_kentaro@kuhp.kyoto-u.ac.jp")
as necessary.
Flavors: r-devel-linux-x86_64-debian-clang, r-devel-linux-x86_64-debian-gcc