Last updated on 2025-07-08 13:49:18 CEST.
Flavor | Version | Tinstall | Tcheck | Ttotal | Status | Flags |
---|---|---|---|---|---|---|
r-devel-linux-x86_64-debian-clang | 5.2.1-35 | 287.05 | 46.90 | 333.95 | OK | |
r-devel-linux-x86_64-debian-gcc | 5.2.1-35 | 149.22 | 35.43 | 184.65 | OK | |
r-devel-linux-x86_64-fedora-clang | 5.2.1-35 | 509.23 | OK | |||
r-devel-linux-x86_64-fedora-gcc | 5.2.1-35 | 463.42 | OK | |||
r-devel-windows-x86_64 | 5.2.1-35 | 296.00 | 105.00 | 401.00 | OK | |
r-patched-linux-x86_64 | 5.2.1-35 | 212.85 | 44.51 | 257.36 | OK | |
r-release-linux-x86_64 | 5.2.1-35 | 208.14 | 44.78 | 252.92 | OK | |
r-release-macos-arm64 | 5.2.1-35 | 157.00 | OK | |||
r-release-macos-x86_64 | 5.2.1-35 | 165.00 | OK | |||
r-release-windows-x86_64 | 5.2.1-35 | 291.00 | 102.00 | 393.00 | OK | |
r-oldrel-macos-arm64 | 5.2.1-35 | 148.00 | NOTE | |||
r-oldrel-macos-x86_64 | 5.2.1-35 | 151.00 | NOTE | |||
r-oldrel-windows-x86_64 | 5.2.1-35 | 270.00 | 115.00 | 385.00 | NOTE |
Version: 5.2.1-35
Check: installed package size
Result: NOTE
installed size is 12.0Mb
sub-directories of 1Mb or more:
libs 11.7Mb
Flavors: r-oldrel-macos-arm64, r-oldrel-macos-x86_64
Version: 5.2.1-35
Check: for GNU extensions in Makefiles
Result: NOTE
GNU make is a SystemRequirements.
Flavors: r-oldrel-macos-arm64, r-oldrel-macos-x86_64, r-oldrel-windows-x86_64