Last updated on 2024-08-16 12:49:18 CEST.
Flavor | Version | Tinstall | Tcheck | Ttotal | Status | Flags |
---|---|---|---|---|---|---|
r-devel-linux-x86_64-debian-clang | 1.2.0 | 23.66 | 355.02 | 378.68 | OK | |
r-devel-linux-x86_64-debian-gcc | 1.2.0 | 16.88 | 250.36 | 267.24 | OK | |
r-devel-linux-x86_64-fedora-clang | 1.2.0 | 649.51 | OK | |||
r-devel-linux-x86_64-fedora-gcc | 1.2.0 | 612.04 | OK | |||
r-devel-windows-x86_64 | 1.2.0 | 25.00 | 288.00 | 313.00 | OK | |
r-patched-linux-x86_64 | 1.2.0 | 24.09 | 350.52 | 374.61 | OK | |
r-release-linux-x86_64 | 1.2.0 | 24.18 | 354.90 | 379.08 | OK | |
r-release-macos-arm64 | 1.2.0 | 149.00 | OK | |||
r-release-macos-x86_64 | 1.2.0 | 363.00 | OK | |||
r-release-windows-x86_64 | 1.2.0 | 23.00 | 287.00 | 310.00 | OK | |
r-oldrel-macos-arm64 | 1.2.0 | 159.00 | ERROR | |||
r-oldrel-macos-x86_64 | 1.2.0 | 400.00 | ERROR | |||
r-oldrel-windows-x86_64 | 1.2.0 | 32.00 | 385.00 | 417.00 | OK |
Version: 1.2.0
Check: running R code from vignettes
Result: ERROR
Errors in running code in vignettes:
when running code in ‘grade-penalty.Rmd’
...
> rd_proj <- projectRoads(lnds, wt_rast, rd_in, weightFunction = gradePenaltyFn,
+ roadsInWeight = FALSE, roadMethod = "ilcp")
Burning in roads to weightRaster from sf
Warning in igraph::shortest_paths(sim$g, path.list[1], path.list[2], out = "both") :
At vendor/cigraph/src/paths/dijkstra.c:534 : Couldn't reach some vertices.
When sourcing ‘grade-penalty.R’:
Error: NA values in weightRaster along paths. Check for disconnected clumps in weightRaster. If weightFunction=gradePenaltyFn, try adjusting limit or setting limitWeight to high value that is not NA.
Execution halted
‘ReconstructRoadHistory.Rmd’ using ‘UTF-8’... [4s/4s] OK
‘grade-penalty.Rmd’ using ‘UTF-8’... failed
‘roads-vignette.Rmd’ using ‘UTF-8’... [6s/6s] OK
Flavor: r-oldrel-macos-arm64
Version: 1.2.0
Check: running R code from vignettes
Result: ERROR
Errors in running code in vignettes:
when running code in ‘grade-penalty.Rmd’
...
> rd_proj <- projectRoads(lnds, wt_rast, rd_in, weightFunction = gradePenaltyFn,
+ roadsInWeight = FALSE, roadMethod = "ilcp")
Burning in roads to weightRaster from sf
Warning in igraph::shortest_paths(sim$g, path.list[1], path.list[2], out = "both") :
At vendor/cigraph/src/paths/dijkstra.c:534 : Couldn't reach some vertices.
When sourcing ‘grade-penalty.R’:
Error: NA values in weightRaster along paths. Check for disconnected clumps in weightRaster. If weightFunction=gradePenaltyFn, try adjusting limit or setting limitWeight to high value that is not NA.
Execution halted
‘ReconstructRoadHistory.Rmd’ using ‘UTF-8’... [7s/10s] OK
‘grade-penalty.Rmd’ using ‘UTF-8’... failed
‘roads-vignette.Rmd’ using ‘UTF-8’... [9s/16s] OK
Flavor: r-oldrel-macos-x86_64