Last updated on 2025-11-13 12:54:21 CET.
| Flavor | Version | Tinstall | Tcheck | Ttotal | Status | Flags |
|---|---|---|---|---|---|---|
| r-devel-linux-x86_64-debian-clang | 0.9.23 | 18.96 | 52.35 | 71.31 | OK | |
| r-devel-linux-x86_64-debian-gcc | 0.9.23 | 14.34 | 37.19 | 51.53 | OK | |
| r-devel-linux-x86_64-fedora-clang | 0.9.23 | 44.00 | 76.65 | 120.65 | OK | |
| r-devel-linux-x86_64-fedora-gcc | 0.9.23 | 97.00 | 37.11 | 134.11 | OK | |
| r-devel-windows-x86_64 | 0.9.23 | 26.00 | 85.00 | 111.00 | OK | |
| r-patched-linux-x86_64 | 0.9.23 | 21.42 | 48.57 | 69.99 | OK | |
| r-release-linux-x86_64 | 0.9.23 | 18.99 | 48.79 | 67.78 | OK | |
| r-release-macos-arm64 | 0.9.23 | 11.00 | 74.00 | 85.00 | OK | |
| r-release-macos-x86_64 | 0.9.23 | 41.00 | 148.00 | 189.00 | OK | |
| r-release-windows-x86_64 | 0.9.23 | 27.00 | 88.00 | 115.00 | OK | |
| r-oldrel-macos-arm64 | 0.9.23 | 11.00 | 38.00 | 49.00 | NOTE | |
| r-oldrel-macos-x86_64 | 0.9.23 | 42.00 | 140.00 | 182.00 | NOTE | |
| r-oldrel-windows-x86_64 | 0.9.23 | 33.00 | 105.00 | 138.00 | NOTE |
Version: 0.9.23
Check: for GNU extensions in Makefiles
Result: NOTE
GNU make is a SystemRequirements.
Flavors: r-oldrel-macos-arm64, r-oldrel-macos-x86_64, r-oldrel-windows-x86_64