CRAN Package Check Results for Package rpnf

Last updated on 2025-11-14 00:50:57 CET.

Flavor Version Tinstall Tcheck Ttotal Status Flags
r-devel-linux-x86_64-debian-clang 1.0.5 2.84 30.63 33.47 NOTE
r-devel-linux-x86_64-debian-gcc 1.0.5 2.09 23.02 25.11 NOTE
r-devel-linux-x86_64-fedora-clang 1.0.5 49.80 OK
r-devel-linux-x86_64-fedora-gcc 1.0.5 16.00 35.00 51.00 OK
r-devel-windows-x86_64 1.0.5 3.00 50.00 53.00 OK
r-patched-linux-x86_64 1.0.5 3.31 28.86 32.17 OK
r-release-linux-x86_64 1.0.5 2.48 28.68 31.16 OK
r-release-macos-arm64 1.0.5 1.00 16.00 17.00 OK
r-release-macos-x86_64 1.0.5 2.00 29.00 31.00 OK
r-release-windows-x86_64 1.0.5 4.00 49.00 53.00 OK
r-oldrel-macos-arm64 1.0.5 1.00 17.00 18.00 OK
r-oldrel-macos-x86_64 1.0.5 2.00 24.00 26.00 OK
r-oldrel-windows-x86_64 1.0.5 6.00 58.00 64.00 OK

Check Details

Version: 1.0.5
Check: CRAN incoming feasibility
Result: NOTE Maintainer: ‘Sascha Herrmann <sascha.herrmann.consulting@gmail.com>’ No Authors@R field in DESCRIPTION. Please add one, modifying Authors@R: person(given = "Sascha", family = "Herrmann", role = c("aut", "cre"), email = "sascha.herrmann.consulting@gmail.com") as necessary. Flavors: r-devel-linux-x86_64-debian-clang, r-devel-linux-x86_64-debian-gcc