Last updated on 2024-08-16 12:49:19 CEST.
Flavor | Version | Tinstall | Tcheck | Ttotal | Status | Flags |
---|---|---|---|---|---|---|
r-devel-linux-x86_64-debian-clang | 2.32.1 | 1724.77 | 467.76 | 2192.53 | NOTE | |
r-devel-linux-x86_64-debian-gcc | 2.32.1 | 1337.10 | 445.81 | 1782.91 | NOTE | |
r-devel-linux-x86_64-fedora-clang | 2.32.1 | 3329.73 | NOTE | |||
r-devel-linux-x86_64-fedora-gcc | 2.32.1 | 3876.42 | NOTE | |||
r-devel-windows-x86_64 | 2.32.1 | 1207.00 | 268.00 | 1475.00 | NOTE | --no-examples --no-tests --no-vignettes |
r-patched-linux-x86_64 | 2.32.1 | 1810.40 | 602.41 | 2412.81 | NOTE | |
r-release-linux-x86_64 | 2.32.1 | 1819.45 | 605.16 | 2424.61 | NOTE | |
r-release-macos-arm64 | 2.32.1 | 951.00 | NOTE | |||
r-release-macos-x86_64 | 2.32.1 | 920.00 | NOTE | |||
r-release-windows-x86_64 | 2.32.1 | 1398.00 | 255.00 | 1653.00 | NOTE | --no-examples --no-tests --no-vignettes |
r-oldrel-macos-arm64 | 2.32.1 | 584.00 | NOTE | |||
r-oldrel-macos-x86_64 | 2.32.1 | 742.00 | NOTE | |||
r-oldrel-windows-x86_64 | 2.32.1 | 1977.00 | 289.00 | 2266.00 | NOTE | --no-examples --no-tests --no-vignettes |
Version: 2.32.1
Check: Rd cross-references
Result: NOTE
Found the following Rd file(s) with Rd \link{} targets missing package
anchors:
launch_shinystan.stanreg.Rd: shinystan-package
loo.stanreg.Rd: loo-package
plot.stanreg.Rd: bayesplot
pp_check.stanreg.Rd: bayesplot
stan_betareg.Rd: stanfit-class
stan_glm.Rd: stanfit-class
stan_lm.Rd: stanfit-class
stan_polr.Rd: stanfit-class
Please provide package anchors for all Rd \link{} targets not in the
package itself and the base packages.
Flavors: r-devel-linux-x86_64-debian-clang, r-devel-linux-x86_64-debian-gcc
Version: 2.32.1
Check: for GNU extensions in Makefiles
Result: NOTE
GNU make is a SystemRequirements.
Flavors: r-devel-linux-x86_64-debian-clang, r-devel-linux-x86_64-debian-gcc, r-devel-linux-x86_64-fedora-clang, r-devel-linux-x86_64-fedora-gcc, r-patched-linux-x86_64, r-release-linux-x86_64, r-release-macos-arm64, r-release-macos-x86_64, r-oldrel-macos-arm64, r-oldrel-macos-x86_64
Version: 2.32.1
Check: installed package size
Result: NOTE
installed size is 27.8Mb
sub-directories of 1Mb or more:
R 1.8Mb
doc 4.8Mb
libs 20.4Mb
Flavors: r-devel-linux-x86_64-fedora-clang, r-release-macos-arm64, r-release-macos-x86_64, r-oldrel-macos-arm64, r-oldrel-macos-x86_64
Version: 2.32.1
Flags: --no-examples --no-tests --no-vignettes
Check: installed package size
Result: NOTE
installed size is 19.9Mb
sub-directories of 1Mb or more:
R 1.8Mb
doc 4.7Mb
libs 12.6Mb
Flavors: r-devel-windows-x86_64, r-release-windows-x86_64, r-oldrel-windows-x86_64
Version: 2.32.1
Flags: --no-examples --no-tests --no-vignettes
Check: Rd cross-references
Result: NOTE
Found the following Rd file(s) with Rd \link{} targets missing package
anchors:
launch_shinystan.stanreg.Rd: shinystan-package
loo.stanreg.Rd: loo-package
plot.stanreg.Rd: bayesplot
pp_check.stanreg.Rd: bayesplot
stan_betareg.Rd: stanfit-class
stan_glm.Rd: stanfit-class
stan_lm.Rd: stanfit-class
stan_polr.Rd: stanfit-class
Please provide package anchors for all Rd \link{} targets not in the
package itself and the base packages.
Flavor: r-devel-windows-x86_64
Version: 2.32.1
Flags: --no-examples --no-tests --no-vignettes
Check: for GNU extensions in Makefiles
Result: NOTE
GNU make is a SystemRequirements.
Flavors: r-devel-windows-x86_64, r-release-windows-x86_64, r-oldrel-windows-x86_64