Last updated on 2024-08-16 12:49:19 CEST.
Flavor | Version | Tinstall | Tcheck | Ttotal | Status | Flags |
---|---|---|---|---|---|---|
r-devel-linux-x86_64-debian-clang | 2.1.3 | 189.18 | 285.70 | 474.88 | NOTE | |
r-devel-linux-x86_64-debian-gcc | 2.1.3 | 144.09 | 196.04 | 340.13 | NOTE | |
r-devel-linux-x86_64-fedora-clang | 2.1.3 | 819.33 | NOTE | |||
r-devel-linux-x86_64-fedora-gcc | 2.1.3 | 893.65 | NOTE | |||
r-devel-windows-x86_64 | 2.1.3 | 237.00 | 386.00 | 623.00 | NOTE | |
r-patched-linux-x86_64 | 2.1.3 | 202.42 | 274.32 | 476.74 | OK | |
r-release-linux-x86_64 | 2.1.3 | 199.69 | 273.60 | 473.29 | OK | |
r-release-macos-arm64 | 2.1.3 | 238.00 | NOTE | |||
r-release-macos-x86_64 | 2.1.3 | 363.00 | NOTE | |||
r-release-windows-x86_64 | 2.1.3 | 239.00 | 393.00 | 632.00 | NOTE | |
r-oldrel-macos-arm64 | 2.1.3 | 214.00 | NOTE | |||
r-oldrel-macos-x86_64 | 2.1.3 | 352.00 | NOTE | |||
r-oldrel-windows-x86_64 | 2.1.3 | 275.00 | 472.00 | 747.00 | NOTE |
Version: 2.1.3
Check: compiled code
Result: NOTE
File ‘rxode2/libs/rxode2.so’:
Found non-API call to R: ‘HASHTAB’
Compiled code should not call non-API entry points in R.
See ‘Writing portable packages’ in the ‘Writing R Extensions’ manual,
and section ‘Moving into C API compliance’ for issues with the use of
non-API entry points.
Flavors: r-devel-linux-x86_64-debian-clang, r-devel-linux-x86_64-debian-gcc, r-devel-linux-x86_64-fedora-clang, r-devel-linux-x86_64-fedora-gcc
Version: 2.1.3
Check: installed package size
Result: NOTE
installed size is 5.0Mb
sub-directories of 1Mb or more:
R 1.0Mb
libs 2.2Mb
Flavors: r-devel-linux-x86_64-fedora-clang, r-devel-windows-x86_64, r-release-macos-arm64, r-release-macos-x86_64, r-release-windows-x86_64, r-oldrel-macos-arm64, r-oldrel-macos-x86_64, r-oldrel-windows-x86_64
Version: 2.1.3
Check: compiled code
Result: NOTE
File 'rxode2/libs/x64/rxode2.dll':
Found non-API call to R: 'HASHTAB'
Compiled code should not call non-API entry points in R.
See 'Writing portable packages' in the 'Writing R Extensions' manual,
and section 'Moving into C API compliance' for issues with the use of
non-API entry points.
Flavor: r-devel-windows-x86_64