Last updated on 2024-08-16 12:49:19 CEST.
Flavor | Version | Tinstall | Tcheck | Ttotal | Status | Flags |
---|---|---|---|---|---|---|
r-devel-linux-x86_64-debian-clang | 2.0.19 | 194.58 | 42.41 | 236.99 | NOTE | |
r-devel-linux-x86_64-debian-gcc | 2.0.19 | 94.83 | 30.81 | 125.64 | NOTE | |
r-devel-linux-x86_64-fedora-clang | 2.0.19 | 345.79 | NOTE | |||
r-devel-linux-x86_64-fedora-gcc | 2.0.19 | 345.45 | NOTE | |||
r-devel-windows-x86_64 | 2.0.19 | 126.00 | 103.00 | 229.00 | NOTE | |
r-patched-linux-x86_64 | 2.0.19 | 127.12 | 40.10 | 167.22 | OK | |
r-release-linux-x86_64 | 2.0.19 | 135.74 | 40.58 | 176.32 | OK | |
r-release-macos-arm64 | 2.0.19 | 1113.00 | NOTE | |||
r-release-macos-x86_64 | 2.0.19 | 186.00 | NOTE | |||
r-release-windows-x86_64 | 2.0.19 | 138.00 | 104.00 | 242.00 | OK | |
r-oldrel-macos-arm64 | 2.0.19 | 905.00 | NOTE | |||
r-oldrel-macos-x86_64 | 2.0.19 | 187.00 | NOTE | |||
r-oldrel-windows-x86_64 | 2.0.19 | 164.00 | 117.00 | 281.00 | OK |
Version: 2.0.19
Check: compiled code
Result: NOTE
File ‘rxode2parse/libs/rxode2parse.so’:
Found non-API call to R: ‘SET_TYPEOF’
Compiled code should not call non-API entry points in R.
See ‘Writing portable packages’ in the ‘Writing R Extensions’ manual,
and section ‘Moving into C API compliance’ for issues with the use of
non-API entry points.
Flavors: r-devel-linux-x86_64-debian-clang, r-devel-linux-x86_64-debian-gcc, r-devel-linux-x86_64-fedora-clang, r-devel-linux-x86_64-fedora-gcc
Version: 2.0.19
Check: compiled code
Result: NOTE
File 'rxode2parse/libs/x64/rxode2parse.dll':
Found non-API call to R: 'SET_TYPEOF'
Compiled code should not call non-API entry points in R.
See 'Writing portable packages' in the 'Writing R Extensions' manual,
and section 'Moving into C API compliance' for issues with the use of
non-API entry points.
Flavor: r-devel-windows-x86_64
Version: 2.0.19
Check: installed package size
Result: NOTE
installed size is 32.1Mb
sub-directories of 1Mb or more:
libs 31.8Mb
Flavors: r-release-macos-arm64, r-release-macos-x86_64, r-oldrel-macos-arm64, r-oldrel-macos-x86_64