CRAN Package Check Results for Package saccadr

Last updated on 2025-11-13 12:54:22 CET.

Flavor Version Tinstall Tcheck Ttotal Status Flags
r-devel-linux-x86_64-debian-clang 0.1.3 13.51 72.20 85.71 NOTE
r-devel-linux-x86_64-debian-gcc 0.1.3 8.63 52.96 61.59 NOTE
r-devel-linux-x86_64-fedora-clang 0.1.3 23.00 126.30 149.30 NOTE
r-devel-linux-x86_64-fedora-gcc 0.1.3 58.00 96.34 154.34 NOTE
r-devel-windows-x86_64 0.1.3 19.00 101.00 120.00 NOTE
r-patched-linux-x86_64 0.1.3 12.54 67.20 79.74 NOTE
r-release-linux-x86_64 0.1.3 14.23 66.23 80.46 NOTE
r-release-macos-arm64 0.1.3 6.00 52.00 58.00 NOTE
r-release-macos-x86_64 0.1.3 11.00 79.00 90.00 NOTE
r-release-windows-x86_64 0.1.3 20.00 98.00 118.00 NOTE
r-oldrel-macos-arm64 0.1.3 8.00 41.00 49.00 NOTE
r-oldrel-macos-x86_64 0.1.3 10.00 60.00 70.00 NOTE
r-oldrel-windows-x86_64 0.1.3 23.00 120.00 143.00 NOTE

Check Details

Version: 0.1.3
Check: Rd files
Result: NOTE checkRd: (-1) diff_ek.Rd:29: Lost braces in \itemize; meant \describe ? checkRd: (-1) diff_nh.Rd:32: Lost braces in \itemize; meant \describe ? checkRd: (-1) extract_saccades.Rd:94-97: Lost braces in \itemize; meant \describe ? checkRd: (-1) extract_saccades.Rd:98: Lost braces in \itemize; meant \describe ? checkRd: (-1) extract_saccades.Rd:99: Lost braces in \itemize; meant \describe ? checkRd: (-1) extract_saccades.Rd:100: Lost braces in \itemize; meant \describe ? checkRd: (-1) extract_saccades.Rd:101: Lost braces in \itemize; meant \describe ? checkRd: (-1) extract_saccades.Rd:102: Lost braces in \itemize; meant \describe ? checkRd: (-1) extract_saccades.Rd:103: Lost braces in \itemize; meant \describe ? checkRd: (-1) extract_saccades.Rd:104: Lost braces in \itemize; meant \describe ? checkRd: (-1) extract_saccades.Rd:105: Lost braces in \itemize; meant \describe ? checkRd: (-1) extract_saccades.Rd:106: Lost braces in \itemize; meant \describe ? checkRd: (-1) extract_saccades.Rd:107: Lost braces in \itemize; meant \describe ? checkRd: (-1) extract_saccades.Rd:108: Lost braces in \itemize; meant \describe ? checkRd: (-1) extract_saccades.Rd:109: Lost braces in \itemize; meant \describe ? checkRd: (-1) extract_saccades.Rd:110: Lost braces in \itemize; meant \describe ? checkRd: (-1) extract_saccades.Rd:111: Lost braces in \itemize; meant \describe ? checkRd: (-1) extract_saccades.Rd:112: Lost braces in \itemize; meant \describe ? checkRd: (-1) extract_saccades.Rd:113: Lost braces in \itemize; meant \describe ? checkRd: (-1) extract_saccades.Rd:114: Lost braces in \itemize; meant \describe ? checkRd: (-1) extract_saccades.Rd:115: Lost braces in \itemize; meant \describe ? checkRd: (-1) extract_saccades.Rd:116: Lost braces in \itemize; meant \describe ? checkRd: (-1) method_ek.Rd:33: Lost braces in \itemize; meant \describe ? checkRd: (-1) method_ek.Rd:34: Lost braces in \itemize; meant \describe ? checkRd: (-1) method_ek.Rd:35: Lost braces in \itemize; meant \describe ? checkRd: (-1) method_ek.Rd:36: Lost braces in \itemize; meant \describe ? checkRd: (-1) method_nh.Rd:33: Lost braces in \itemize; meant \describe ? checkRd: (-1) method_nh.Rd:34: Lost braces in \itemize; meant \describe ? checkRd: (-1) method_nh.Rd:35: Lost braces in \itemize; meant \describe ? checkRd: (-1) method_nh.Rd:36: Lost braces in \itemize; meant \describe ? checkRd: (-1) method_om.Rd:33: Lost braces in \itemize; meant \describe ? checkRd: (-1) method_om.Rd:34: Lost braces in \itemize; meant \describe ? checkRd: (-1) method_om.Rd:35: Lost braces in \itemize; meant \describe ? checkRd: (-1) method_om.Rd:36: Lost braces in \itemize; meant \describe ? Flavors: r-devel-linux-x86_64-debian-clang, r-devel-linux-x86_64-debian-gcc, r-devel-linux-x86_64-fedora-clang, r-devel-linux-x86_64-fedora-gcc, r-devel-windows-x86_64, r-patched-linux-x86_64, r-release-linux-x86_64, r-release-macos-arm64, r-release-macos-x86_64, r-release-windows-x86_64, r-oldrel-macos-arm64, r-oldrel-macos-x86_64, r-oldrel-windows-x86_64