Last updated on 2025-11-14 00:50:57 CET.
| Flavor | Version | Tinstall | Tcheck | Ttotal | Status | Flags |
|---|---|---|---|---|---|---|
| r-devel-linux-x86_64-debian-clang | 1.2.3 | 16.87 | 107.04 | 123.91 | OK | |
| r-devel-linux-x86_64-debian-gcc | 1.2.3 | 11.94 | 72.27 | 84.21 | OK | |
| r-devel-linux-x86_64-fedora-clang | 1.2.3 | 71.00 | 126.55 | 197.55 | OK | |
| r-devel-linux-x86_64-fedora-gcc | 1.2.3 | 67.00 | 136.29 | 203.29 | OK | |
| r-devel-windows-x86_64 | 1.2.3 | 19.00 | 100.00 | 119.00 | OK | |
| r-patched-linux-x86_64 | 1.2.3 | 17.59 | 98.15 | 115.74 | OK | |
| r-release-linux-x86_64 | 1.2.3 | 15.09 | 97.85 | 112.94 | OK | |
| r-release-macos-arm64 | 1.2.3 | 7.00 | 40.00 | 47.00 | OK | |
| r-release-macos-x86_64 | 1.2.3 | 13.00 | 58.00 | 71.00 | OK | |
| r-release-windows-x86_64 | 1.2.3 | 19.00 | 98.00 | 117.00 | OK | |
| r-oldrel-macos-arm64 | 1.2.3 | 7.00 | 47.00 | 54.00 | NOTE | |
| r-oldrel-macos-x86_64 | 1.2.3 | 15.00 | 82.00 | 97.00 | NOTE | |
| r-oldrel-windows-x86_64 | 1.2.3 | 25.00 | 129.00 | 154.00 | OK |
Version: 1.2.3
Check: package dependencies
Result: NOTE
Package suggested but not available for checking: ‘INLA’
Flavors: r-oldrel-macos-arm64, r-oldrel-macos-x86_64