Last updated on 2025-11-14 00:50:57 CET.
| Flavor | Version | Tinstall | Tcheck | Ttotal | Status | Flags |
|---|---|---|---|---|---|---|
| r-devel-linux-x86_64-debian-clang | 0.2.0 | 1.77 | 21.74 | 23.51 | OK | |
| r-devel-linux-x86_64-debian-gcc | 0.2.0 | 1.35 | 18.26 | 19.61 | OK | |
| r-devel-linux-x86_64-fedora-clang | 0.2.0 | 35.82 | OK | |||
| r-devel-linux-x86_64-fedora-gcc | 0.2.0 | 48.35 | OK | |||
| r-devel-windows-x86_64 | 0.2.0 | 4.00 | 40.00 | 44.00 | OK | |
| r-patched-linux-x86_64 | 0.2.0 | 1.73 | 20.81 | 22.54 | OK | |
| r-release-linux-x86_64 | 0.2.0 | 1.70 | 20.77 | 22.47 | OK | |
| r-release-macos-arm64 | 0.2.0 | 1.00 | 22.00 | 23.00 | OK | |
| r-release-macos-x86_64 | 0.2.0 | 2.00 | 37.00 | 39.00 | OK | |
| r-release-windows-x86_64 | 0.2.0 | 4.00 | 40.00 | 44.00 | OK | |
| r-oldrel-macos-arm64 | 0.2.0 | 1.00 | 18.00 | 19.00 | NOTE | |
| r-oldrel-macos-x86_64 | 0.2.0 | 1.00 | 30.00 | 31.00 | NOTE | |
| r-oldrel-windows-x86_64 | 0.2.0 | 3.00 | 45.00 | 48.00 | NOTE |
Version: 0.2.0
Check: LazyData
Result: NOTE
'LazyData' is specified without a 'data' directory
Flavors: r-oldrel-macos-arm64, r-oldrel-macos-x86_64, r-oldrel-windows-x86_64