Last updated on 2025-07-08 13:49:20 CEST.
Flavor | Version | Tinstall | Tcheck | Ttotal | Status | Flags |
---|---|---|---|---|---|---|
r-devel-linux-x86_64-debian-clang | 0.1.0 | 28.30 | 224.37 | 252.67 | OK | |
r-devel-linux-x86_64-debian-gcc | 0.1.0 | 13.07 | 1.81 | 14.88 | ERROR | |
r-devel-linux-x86_64-fedora-clang | 0.1.0 | 414.77 | OK | |||
r-devel-linux-x86_64-fedora-gcc | 0.1.0 | 427.77 | OK | |||
r-devel-windows-x86_64 | 0.1.0 | 20.00 | 161.00 | 181.00 | OK | |
r-patched-linux-x86_64 | 0.1.0 | 33.21 | 250.64 | 283.85 | OK | |
r-release-linux-x86_64 | 0.1.0 | 33.61 | 250.62 | 284.23 | OK | |
r-release-macos-arm64 | 0.1.0 | 222.00 | OK | |||
r-release-macos-x86_64 | 0.1.0 | 281.00 | OK | |||
r-release-windows-x86_64 | 0.1.0 | 21.00 | 159.00 | 180.00 | OK | |
r-oldrel-macos-arm64 | 0.1.0 | 216.00 | OK | |||
r-oldrel-macos-x86_64 | 0.1.0 | 207.00 | OK | |||
r-oldrel-windows-x86_64 | 0.1.0 | 28.00 | 204.00 | 232.00 | OK |
Version: 0.1.0
Check: whether package can be installed
Result: ERROR
Installation failed.
Flavor: r-devel-linux-x86_64-debian-gcc