Last updated on 2024-07-18 01:55:42 CEST.
Flavor | Version | Tinstall | Tcheck | Ttotal | Status | Flags |
---|---|---|---|---|---|---|
r-devel-linux-x86_64-debian-clang | 1.1.1 | 28.45 | 56.02 | 84.47 | OK | |
r-devel-linux-x86_64-debian-gcc | 1.1.1 | 22.13 | 38.75 | 60.88 | OK | |
r-devel-linux-x86_64-fedora-clang | 1.1.1 | 118.20 | NOTE | |||
r-devel-linux-x86_64-fedora-gcc | 1.1.1 | 112.29 | NOTE | |||
r-devel-windows-x86_64 | 1.1.1 | 27.00 | 80.00 | 107.00 | OK | |
r-patched-linux-x86_64 | 1.1.1 | 27.97 | 52.40 | 80.37 | OK | |
r-release-linux-x86_64 | 1.1.1 | 29.69 | 52.43 | 82.12 | OK | |
r-release-macos-arm64 | 1.1.1 | 26.00 | OK | |||
r-release-macos-x86_64 | 1.1.1 | 43.00 | OK | |||
r-release-windows-x86_64 | 1.1.1 | 27.00 | 74.00 | 101.00 | OK | |
r-oldrel-macos-arm64 | 1.1.1 | 33.00 | OK | |||
r-oldrel-macos-x86_64 | 1.1.1 | 49.00 | OK | |||
r-oldrel-windows-x86_64 | 1.1.1 | 33.00 | 85.00 | 118.00 | OK |
Version: 1.1.1
Check: compiled code
Result: NOTE
File ‘saturnin/libs/saturnin.so’:
Found no calls to: ‘R_registerRoutines’, ‘R_useDynamicSymbols’
It is good practice to register native routines and to disable symbol
search.
See ‘Writing portable packages’ in the ‘Writing R Extensions’ manual.
Flavors: r-devel-linux-x86_64-fedora-clang, r-devel-linux-x86_64-fedora-gcc