Last updated on 2024-08-16 12:49:19 CEST.
Flavor | Version | Tinstall | Tcheck | Ttotal | Status | Flags |
---|---|---|---|---|---|---|
r-devel-linux-x86_64-debian-clang | 1.6.2 | 52.29 | 386.01 | 438.30 | OK | |
r-devel-linux-x86_64-debian-gcc | 1.6.2 | 39.20 | 267.77 | 306.97 | OK | |
r-devel-linux-x86_64-fedora-clang | 1.6.2 | 728.53 | OK | |||
r-devel-linux-x86_64-fedora-gcc | 1.6.2 | 692.90 | OK | |||
r-devel-windows-x86_64 | 1.6.2 | 53.00 | 335.00 | 388.00 | OK | |
r-patched-linux-x86_64 | 1.6.2 | 52.31 | 357.09 | 409.40 | OK | |
r-release-linux-x86_64 | 1.6.2 | 52.03 | 367.22 | 419.25 | OK | |
r-release-macos-arm64 | 1.6.2 | 189.00 | OK | |||
r-release-macos-x86_64 | 1.6.2 | 279.00 | OK | |||
r-release-windows-x86_64 | 1.6.2 | 53.00 | 327.00 | 380.00 | OK | |
r-oldrel-macos-arm64 | 1.6.2 | 14.00 | ERROR | |||
r-oldrel-macos-x86_64 | 1.6.2 | 11.00 | ERROR | |||
r-oldrel-windows-x86_64 | 1.6.2 | 74.00 | 449.00 | 523.00 | OK |
Version: 1.6.2
Check: package dependencies
Result: ERROR
Package required and available but unsuitable version: ‘UCell’
See section ‘The DESCRIPTION file’ in the ‘Writing R Extensions’
manual.
Flavors: r-oldrel-macos-arm64, r-oldrel-macos-x86_64