Last updated on 2024-08-16 12:49:19 CEST.
Flavor | Version | Tinstall | Tcheck | Ttotal | Status | Flags |
---|---|---|---|---|---|---|
r-devel-linux-x86_64-debian-clang | 1.0.4 | 22.86 | 98.46 | 121.32 | NOTE | |
r-devel-linux-x86_64-debian-gcc | 1.0.4 | 16.55 | 68.99 | 85.54 | NOTE | |
r-devel-linux-x86_64-fedora-clang | 1.0.4 | 197.21 | NOTE | |||
r-devel-linux-x86_64-fedora-gcc | 1.0.4 | 192.10 | NOTE | |||
r-devel-windows-x86_64 | 1.0.4 | 30.00 | 149.00 | 179.00 | NOTE | |
r-patched-linux-x86_64 | 1.0.4 | 24.07 | 94.60 | 118.67 | NOTE | |
r-release-linux-x86_64 | 1.0.4 | 23.31 | 93.43 | 116.74 | NOTE | |
r-release-macos-arm64 | 1.0.4 | 62.00 | NOTE | |||
r-release-macos-x86_64 | 1.0.4 | 103.00 | NOTE | |||
r-release-windows-x86_64 | 1.0.4 | 25.00 | 150.00 | 175.00 | NOTE | |
r-oldrel-macos-arm64 | 1.0.4 | 82.00 | NOTE | |||
r-oldrel-macos-x86_64 | 1.0.4 | 132.00 | NOTE | |||
r-oldrel-windows-x86_64 | 1.0.4 | 25.00 | 178.00 | 203.00 | NOTE |
Version: 1.0.4
Check: C++ specification
Result: NOTE
Specified C++11: please drop specification unless essential
Flavors: r-devel-linux-x86_64-debian-clang, r-devel-linux-x86_64-debian-gcc, r-devel-linux-x86_64-fedora-clang, r-devel-linux-x86_64-fedora-gcc, r-devel-windows-x86_64, r-patched-linux-x86_64, r-release-linux-x86_64, r-release-macos-arm64, r-release-macos-x86_64, r-release-windows-x86_64, r-oldrel-macos-arm64, r-oldrel-macos-x86_64, r-oldrel-windows-x86_64