Last updated on 2024-08-16 12:49:19 CEST.
Flavor | Version | Tinstall | Tcheck | Ttotal | Status | Flags |
---|---|---|---|---|---|---|
r-devel-linux-x86_64-debian-clang | 1.6 | 5.15 | 51.57 | 56.72 | NOTE | |
r-devel-linux-x86_64-debian-gcc | 1.6 | 3.21 | 38.16 | 41.37 | NOTE | |
r-devel-linux-x86_64-fedora-clang | 1.6 | 90.76 | NOTE | |||
r-devel-linux-x86_64-fedora-gcc | 1.6 | 98.09 | NOTE | |||
r-devel-windows-x86_64 | 1.6 | 7.00 | 111.00 | 118.00 | NOTE | |
r-patched-linux-x86_64 | 1.6 | 4.93 | 48.85 | 53.78 | NOTE | |
r-release-linux-x86_64 | 1.6 | 4.80 | 49.56 | 54.36 | NOTE | |
r-release-macos-arm64 | 1.6 | 43.00 | NOTE | |||
r-release-macos-x86_64 | 1.6 | 59.00 | NOTE | |||
r-release-windows-x86_64 | 1.6 | 8.00 | 112.00 | 120.00 | NOTE | |
r-oldrel-macos-arm64 | 1.6 | 39.00 | NOTE | |||
r-oldrel-macos-x86_64 | 1.6 | 52.00 | NOTE | |||
r-oldrel-windows-x86_64 | 1.6 | 8.00 | 109.00 | 117.00 | NOTE |
Version: 1.6
Check: LazyData
Result: NOTE
'LazyData' is specified without a 'data' directory
Flavors: r-devel-linux-x86_64-debian-clang, r-devel-linux-x86_64-debian-gcc, r-devel-linux-x86_64-fedora-clang, r-devel-linux-x86_64-fedora-gcc, r-devel-windows-x86_64, r-patched-linux-x86_64, r-release-linux-x86_64, r-release-macos-arm64, r-release-macos-x86_64, r-release-windows-x86_64, r-oldrel-macos-arm64, r-oldrel-macos-x86_64, r-oldrel-windows-x86_64