CRAN Package Check Results for Package scrollrevealR

Last updated on 2025-07-08 13:49:20 CEST.

Flavor Version Tinstall Tcheck Ttotal Status Flags
r-devel-linux-x86_64-debian-clang 0.2.0 1.35 22.02 23.37 OK
r-devel-linux-x86_64-debian-gcc 0.2.0 1.37 18.86 20.23 OK
r-devel-linux-x86_64-fedora-clang 0.2.0 35.61 OK
r-devel-linux-x86_64-fedora-gcc 0.2.0 47.98 OK
r-devel-windows-x86_64 0.2.0 2.00 41.00 43.00 OK
r-patched-linux-x86_64 0.2.0 1.51 19.75 21.26 OK
r-release-linux-x86_64 0.2.0 1.60 19.72 21.32 OK
r-release-macos-arm64 0.2.0 35.00 OK
r-release-macos-x86_64 0.2.0 40.00 OK
r-release-windows-x86_64 0.2.0 3.00 43.00 46.00 OK
r-oldrel-macos-arm64 0.2.0 21.00 NOTE
r-oldrel-macos-x86_64 0.2.0 33.00 NOTE
r-oldrel-windows-x86_64 0.2.0 3.00 45.00 48.00 NOTE

Check Details

Version: 0.2.0
Check: LazyData
Result: NOTE 'LazyData' is specified without a 'data' directory Flavors: r-oldrel-macos-arm64, r-oldrel-macos-x86_64, r-oldrel-windows-x86_64