Last updated on 2024-08-16 12:49:20 CEST.
Flavor | Version | Tinstall | Tcheck | Ttotal | Status | Flags |
---|---|---|---|---|---|---|
r-devel-linux-x86_64-debian-clang | 1.2.2 | 34.37 | 345.58 | 379.95 | NOTE | |
r-devel-linux-x86_64-debian-gcc | 1.2.2 | 22.80 | 227.40 | 250.20 | NOTE | |
r-devel-linux-x86_64-fedora-clang | 1.2.2 | 603.40 | OK | |||
r-devel-linux-x86_64-fedora-gcc | 1.2.2 | 579.19 | OK | |||
r-devel-windows-x86_64 | 1.2.2 | 31.00 | 310.00 | 341.00 | NOTE | |
r-patched-linux-x86_64 | 1.2.2 | 35.59 | 320.61 | 356.20 | OK | |
r-release-linux-x86_64 | 1.2.2 | 31.79 | 324.32 | 356.11 | OK | |
r-release-macos-arm64 | 1.2.2 | 138.00 | ERROR | |||
r-release-macos-x86_64 | 1.2.2 | 233.00 | ERROR | |||
r-release-windows-x86_64 | 1.2.2 | 31.00 | 308.00 | 339.00 | OK | |
r-oldrel-macos-arm64 | 1.2.2 | 155.00 | OK | |||
r-oldrel-macos-x86_64 | 1.2.2 | 387.00 | OK | |||
r-oldrel-windows-x86_64 | 1.2.2 | 42.00 | 405.00 | 447.00 | OK |
Version: 1.2.2
Check: Rd cross-references
Result: NOTE
Found the following Rd file(s) with Rd \link{} targets missing package
anchors:
linearmask.object.Rd: mask
make.line.Rd: make.grid
plotmethods.Rd: plot.mask
read.linearmask.Rd: SpatialLinesDataFrame
showpath.Rd: get.shortest.paths
utility.Rd: edges, SpatialLinesDataFrame
Please provide package anchors for all Rd \link{} targets not in the
package itself and the base packages.
Flavors: r-devel-linux-x86_64-debian-clang, r-devel-linux-x86_64-debian-gcc, r-devel-windows-x86_64
Version: 1.2.2
Check: re-building of vignette outputs
Result: ERROR
Error(s) in re-building vignettes:
...
--- re-building ‘secrlinear-vignette.Rmd’ using rmarkdown
Quitting from lines 585-611 [secrdesign] (secrlinear-vignette.Rmd)
Error: processing vignette 'secrlinear-vignette.Rmd' failed with diagnostics:
$ operator is invalid for atomic vectors
--- failed re-building ‘secrlinear-vignette.Rmd’
SUMMARY: processing the following file failed:
‘secrlinear-vignette.Rmd’
Error: Vignette re-building failed.
Execution halted
Flavors: r-release-macos-arm64, r-release-macos-x86_64