CRAN Package Check Results for Package sepkoski

Last updated on 2025-11-14 12:50:24 CET.

Flavor Version Tinstall Tcheck Ttotal Status Flags
r-devel-linux-x86_64-debian-clang 0.0.1 2.80 23.73 26.53 NOTE
r-devel-linux-x86_64-debian-gcc 0.0.1 1.99 19.97 21.96 NOTE
r-devel-linux-x86_64-fedora-clang 0.0.1 38.06 OK
r-devel-linux-x86_64-fedora-gcc 0.0.1 36.36 OK
r-devel-windows-x86_64 0.0.1 3.00 42.00 45.00 OK
r-patched-linux-x86_64 0.0.1 3.07 21.41 24.48 OK
r-release-linux-x86_64 0.0.1 2.84 21.55 24.39 OK
r-release-macos-arm64 0.0.1 2.00 17.00 19.00 OK
r-release-macos-x86_64 0.0.1 5.00 34.00 39.00 OK
r-release-windows-x86_64 0.0.1 3.00 40.00 43.00 OK
r-oldrel-macos-arm64 0.0.1 2.00 14.00 16.00 OK
r-oldrel-macos-x86_64 0.0.1 4.00 28.00 32.00 OK
r-oldrel-windows-x86_64 0.0.1 4.00 48.00 52.00 OK

Check Details

Version: 0.0.1
Check: CRAN incoming feasibility
Result: NOTE Maintainer: ‘Lewis A. Jones <LewisA.Jones@outlook.com>’ Package CITATION file contains call(s) to old-style citEntry(). Please use bibentry() instead. Flavors: r-devel-linux-x86_64-debian-clang, r-devel-linux-x86_64-debian-gcc