Last updated on 2024-08-16 12:49:20 CEST.
Flavor | Version | Tinstall | Tcheck | Ttotal | Status | Flags |
---|---|---|---|---|---|---|
r-devel-linux-x86_64-debian-clang | 0.5-0 | 63.54 | 347.14 | 410.68 | OK | |
r-devel-linux-x86_64-debian-gcc | 0.5-0 | 46.54 | 258.00 | 304.54 | OK | |
r-devel-linux-x86_64-fedora-clang | 0.5-0 | 658.06 | OK | |||
r-devel-linux-x86_64-fedora-gcc | 0.5-0 | 733.97 | OK | |||
r-devel-windows-x86_64 | 0.5-0 | 60.00 | 377.00 | 437.00 | OK | |
r-patched-linux-x86_64 | 0.5-0 | 67.22 | 378.78 | 446.00 | OK | |
r-release-linux-x86_64 | 0.5-0 | 67.50 | 379.52 | 447.02 | OK | |
r-release-macos-arm64 | 0.5-0 | 209.00 | NOTE | |||
r-release-macos-x86_64 | 0.5-0 | 312.00 | NOTE | |||
r-release-windows-x86_64 | 0.5-0 | 61.00 | 343.00 | 404.00 | OK | |
r-oldrel-macos-arm64 | 0.5-0 | 287.00 | NOTE | |||
r-oldrel-macos-x86_64 | 0.5-0 | 450.00 | NOTE | |||
r-oldrel-windows-x86_64 | 0.5-0 | 71.00 | 412.00 | 483.00 | OK |
Version: 0.5-0
Check: installed package size
Result: NOTE
installed size is 19.6Mb
sub-directories of 1Mb or more:
libs 18.3Mb
Flavors: r-release-macos-arm64, r-release-macos-x86_64, r-oldrel-macos-arm64, r-oldrel-macos-x86_64