Last updated on 2024-08-16 12:49:20 CEST.
Flavor | Version | Tinstall | Tcheck | Ttotal | Status | Flags |
---|---|---|---|---|---|---|
r-devel-linux-x86_64-debian-clang | 0.2-0 | 3.50 | 61.49 | 64.99 | NOTE | |
r-devel-linux-x86_64-debian-gcc | 0.2-0 | 3.04 | 46.44 | 49.48 | NOTE | |
r-devel-linux-x86_64-fedora-clang | 0.2-0 | 102.87 | NOTE | |||
r-devel-linux-x86_64-fedora-gcc | 0.2-0 | 109.14 | NOTE | |||
r-devel-windows-x86_64 | 0.2-0 | 6.00 | 79.00 | 85.00 | NOTE | |
r-patched-linux-x86_64 | 0.2-0 | 7.27 | 57.01 | 64.28 | NOTE | |
r-release-linux-x86_64 | 0.2-0 | 4.12 | 57.36 | 61.48 | NOTE | |
r-release-macos-arm64 | 0.2-0 | 33.00 | NOTE | |||
r-release-macos-x86_64 | 0.2-0 | 63.00 | NOTE | |||
r-release-windows-x86_64 | 0.2-0 | 6.00 | 77.00 | 83.00 | NOTE | |
r-oldrel-macos-arm64 | 0.2-0 | 38.00 | OK | |||
r-oldrel-macos-x86_64 | 0.2-0 | 69.00 | OK | |||
r-oldrel-windows-x86_64 | 0.2-0 | 6.00 | 95.00 | 101.00 | OK |
Version: 0.2-0
Check: Rd files
Result: NOTE
checkRd: (-1) st_as_sftime.Rd:71: Lost braces
71 | remove these columns from code{data.frame}?}
| ^
Flavors: r-devel-linux-x86_64-debian-clang, r-devel-linux-x86_64-debian-gcc, r-devel-linux-x86_64-fedora-clang, r-devel-linux-x86_64-fedora-gcc, r-devel-windows-x86_64, r-patched-linux-x86_64, r-release-linux-x86_64, r-release-macos-arm64, r-release-macos-x86_64, r-release-windows-x86_64
Version: 0.2-0
Check: Rd cross-references
Result: NOTE
Found the following Rd file(s) with Rd \link{} targets missing package
anchors:
st_as_sftime.Rd: st_sf, st_point
Please provide package anchors for all Rd \link{} targets not in the
package itself and the base packages.
Flavors: r-devel-linux-x86_64-debian-clang, r-devel-linux-x86_64-debian-gcc, r-devel-windows-x86_64
Version: 0.2-0
Check: Rd cross-references
Result: NOTE
Undeclared package ‘vctrs’ in Rd xrefs
Flavor: r-devel-linux-x86_64-fedora-clang
Version: 0.2-0
Check: package dependencies
Result: NOTE
Package suggested but not available for checking: ‘rmarkdown’
Flavor: r-release-macos-x86_64