Last updated on 2025-07-08 13:49:20 CEST.
Flavor | Version | Tinstall | Tcheck | Ttotal | Status | Flags |
---|---|---|---|---|---|---|
r-devel-linux-x86_64-debian-clang | 0.1.3 | 3.17 | 29.91 | 33.08 | OK | |
r-devel-linux-x86_64-debian-gcc | 0.1.3 | 2.08 | 24.41 | 26.49 | OK | |
r-devel-linux-x86_64-fedora-clang | 0.1.3 | 51.71 | OK | |||
r-devel-linux-x86_64-fedora-gcc | 0.1.3 | 48.85 | OK | |||
r-devel-windows-x86_64 | 0.1.3 | 6.00 | 60.00 | 66.00 | OK | |
r-patched-linux-x86_64 | 0.1.3 | 3.14 | 28.42 | 31.56 | OK | |
r-release-linux-x86_64 | 0.1.3 | 3.25 | 28.45 | 31.70 | OK | |
r-release-macos-arm64 | 0.1.3 | 23.00 | OK | |||
r-release-macos-x86_64 | 0.1.3 | 39.00 | OK | |||
r-release-windows-x86_64 | 0.1.3 | 6.00 | 55.00 | 61.00 | OK | |
r-oldrel-macos-arm64 | 0.1.3 | 19.00 | NOTE | |||
r-oldrel-macos-x86_64 | 0.1.3 | 29.00 | NOTE | |||
r-oldrel-windows-x86_64 | 0.1.3 | 6.00 | 61.00 | 67.00 | NOTE |
Version: 0.1.3
Check: LazyData
Result: NOTE
'LazyData' is specified without a 'data' directory
Flavors: r-oldrel-macos-arm64, r-oldrel-macos-x86_64, r-oldrel-windows-x86_64