Last updated on 2024-07-18 01:55:43 CEST.
Flavor | Version | Tinstall | Tcheck | Ttotal | Status | Flags |
---|---|---|---|---|---|---|
r-devel-linux-x86_64-debian-clang | 1.1.0 | 8.96 | 96.73 | 105.69 | OK | |
r-devel-linux-x86_64-debian-gcc | 1.1.0 | 6.91 | 73.00 | 79.91 | OK | |
r-devel-linux-x86_64-fedora-clang | 1.1.0 | 135.63 | NOTE | |||
r-devel-linux-x86_64-fedora-gcc | 1.1.0 | 123.82 | NOTE | |||
r-devel-windows-x86_64 | 1.1.0 | 12.00 | 101.00 | 113.00 | NOTE | |
r-patched-linux-x86_64 | 1.1.0 | 8.07 | 94.40 | 102.47 | OK | |
r-release-linux-x86_64 | 1.1.0 | 7.17 | 94.39 | 101.56 | OK | |
r-release-macos-arm64 | 1.1.0 | 46.00 | NOTE | |||
r-release-macos-x86_64 | 1.1.0 | 69.00 | NOTE | |||
r-release-windows-x86_64 | 1.1.0 | 10.00 | 103.00 | 113.00 | NOTE | |
r-oldrel-macos-arm64 | 1.1.0 | 47.00 | NOTE | |||
r-oldrel-macos-x86_64 | 1.1.0 | 110.00 | NOTE | |||
r-oldrel-windows-x86_64 | 1.1.0 | 11.00 | 116.00 | 127.00 | NOTE |
Version: 1.1.0
Check: installed package size
Result: NOTE
installed size is 5.9Mb
sub-directories of 1Mb or more:
shinymgr 1.4Mb
tutorials 3.8Mb
Flavors: r-devel-linux-x86_64-fedora-clang, r-devel-windows-x86_64, r-release-macos-arm64, r-release-macos-x86_64, r-release-windows-x86_64, r-oldrel-macos-arm64, r-oldrel-macos-x86_64, r-oldrel-windows-x86_64
Version: 1.1.0
Check: dependencies in R code
Result: NOTE
Namespace in Imports field not imported from: ‘shinydashboard’
All declared Imports should be used.
Flavors: r-devel-linux-x86_64-fedora-clang, r-devel-linux-x86_64-fedora-gcc