Last updated on 2024-08-16 12:49:20 CEST.
Flavor | Version | Tinstall | Tcheck | Ttotal | Status | Flags |
---|---|---|---|---|---|---|
r-devel-linux-x86_64-debian-clang | 3.0.1 | 195.96 | 65.00 | 260.96 | NOTE | |
r-devel-linux-x86_64-debian-gcc | 3.0.1 | 137.33 | 47.61 | 184.94 | NOTE | |
r-devel-linux-x86_64-fedora-clang | 3.0.1 | 501.77 | OK | |||
r-devel-linux-x86_64-fedora-gcc | 3.0.1 | 535.52 | OK | |||
r-devel-windows-x86_64 | 3.0.1 | 207.00 | 124.00 | 331.00 | NOTE | |
r-patched-linux-x86_64 | 3.0.1 | 194.06 | 62.37 | 256.43 | OK | |
r-release-linux-x86_64 | 3.0.1 | 188.38 | 62.44 | 250.82 | OK | |
r-release-macos-arm64 | 3.0.1 | 109.00 | NOTE | |||
r-release-macos-x86_64 | 3.0.1 | 113.00 | NOTE | |||
r-release-windows-x86_64 | 3.0.1 | 206.00 | 126.00 | 332.00 | OK | |
r-oldrel-macos-arm64 | 3.0.1 | 130.00 | NOTE | |||
r-oldrel-macos-x86_64 | 3.0.1 | 208.00 | NOTE | |||
r-oldrel-windows-x86_64 | 3.0.1 | 242.00 | 140.00 | 382.00 | OK |
Version: 3.0.1
Check: Rd cross-references
Result: NOTE
Found the following Rd file(s) with Rd \link{} targets missing package
anchors:
shrinkDTVP.Rd: stochvol, svsample
shrinkTVP.Rd: stochvol, svsample
simTVP.Rd: svsim
updateTVP.Rd: stochvol, svsample
Please provide package anchors for all Rd \link{} targets not in the
package itself and the base packages.
Flavors: r-devel-linux-x86_64-debian-clang, r-devel-linux-x86_64-debian-gcc, r-devel-windows-x86_64
Version: 3.0.1
Check: installed package size
Result: NOTE
installed size is 12.1Mb
sub-directories of 1Mb or more:
libs 11.1Mb
Flavors: r-release-macos-arm64, r-release-macos-x86_64, r-oldrel-macos-arm64, r-oldrel-macos-x86_64