Last updated on 2024-07-18 01:55:43 CEST.
Flavor | Version | Tinstall | Tcheck | Ttotal | Status | Flags |
---|---|---|---|---|---|---|
r-devel-linux-x86_64-debian-clang | 0.1.0 | 1.52 | 22.32 | 23.84 | NOTE | |
r-devel-linux-x86_64-debian-gcc | 0.1.0 | 1.65 | 16.69 | 18.34 | NOTE | |
r-devel-linux-x86_64-fedora-clang | 0.1.0 | 30.84 | NOTE | |||
r-devel-linux-x86_64-fedora-gcc | 0.1.0 | 29.03 | NOTE | |||
r-devel-windows-x86_64 | 0.1.0 | 3.00 | 39.00 | 42.00 | NOTE | |
r-patched-linux-x86_64 | 0.1.0 | 2.06 | 21.23 | 23.29 | NOTE | |
r-release-linux-x86_64 | 0.1.0 | 1.98 | 20.97 | 22.95 | NOTE | |
r-release-macos-arm64 | 0.1.0 | 14.00 | NOTE | |||
r-release-macos-x86_64 | 0.1.0 | 28.00 | NOTE | |||
r-release-windows-x86_64 | 0.1.0 | 2.00 | 39.00 | 41.00 | NOTE | |
r-oldrel-macos-arm64 | 0.1.0 | 17.00 | NOTE | |||
r-oldrel-macos-x86_64 | 0.1.0 | 19.00 | NOTE | |||
r-oldrel-windows-x86_64 | 0.1.0 | 3.00 | 39.00 | 42.00 | NOTE |
Version: 0.1.0
Check: LazyData
Result: NOTE
'LazyData' is specified without a 'data' directory
Flavors: r-devel-linux-x86_64-debian-clang, r-devel-linux-x86_64-debian-gcc, r-devel-linux-x86_64-fedora-clang, r-devel-linux-x86_64-fedora-gcc, r-devel-windows-x86_64, r-patched-linux-x86_64, r-release-linux-x86_64, r-release-macos-arm64, r-release-macos-x86_64, r-release-windows-x86_64, r-oldrel-macos-arm64, r-oldrel-macos-x86_64, r-oldrel-windows-x86_64