Last updated on 2024-08-16 12:49:20 CEST.
Flavor | Version | Tinstall | Tcheck | Ttotal | Status | Flags |
---|---|---|---|---|---|---|
r-devel-linux-x86_64-debian-clang | 0.1.23 | 5.32 | 49.46 | 54.78 | OK | |
r-devel-linux-x86_64-debian-gcc | 0.1.23 | 4.14 | 36.18 | 40.32 | OK | |
r-devel-linux-x86_64-fedora-clang | 0.1.23 | 90.12 | NOTE | |||
r-devel-linux-x86_64-fedora-gcc | 0.1.23 | 102.29 | NOTE | |||
r-devel-windows-x86_64 | 0.1.23 | 8.00 | 69.00 | 77.00 | OK | |
r-patched-linux-x86_64 | 0.1.23 | 6.54 | 47.21 | 53.75 | OK | |
r-release-linux-x86_64 | 0.1.23 | 5.59 | 47.16 | 52.75 | OK | |
r-release-macos-arm64 | 0.1.23 | 34.00 | OK | |||
r-release-macos-x86_64 | 0.1.23 | 55.00 | OK | |||
r-release-windows-x86_64 | 0.1.23 | 9.00 | 63.00 | 72.00 | OK | |
r-oldrel-macos-arm64 | 0.1.23 | 11.00 | ERROR | |||
r-oldrel-macos-x86_64 | 0.1.23 | 11.00 | ERROR | |||
r-oldrel-windows-x86_64 | 0.1.23 | 10.00 | 76.00 | 86.00 | OK |
Version: 0.1.23
Check: dependencies in R code
Result: NOTE
Namespaces in Imports field not imported from:
‘KernSmooth’ ‘MASS’ ‘class’ ‘cluster’ ‘lattice’ ‘nnet’
All declared Imports should be used.
Flavors: r-devel-linux-x86_64-fedora-clang, r-devel-linux-x86_64-fedora-gcc
Version: 0.1.23
Check: package dependencies
Result: ERROR
Package required but not available: ‘GSVA’
See section ‘The DESCRIPTION file’ in the ‘Writing R Extensions’
manual.
Flavors: r-oldrel-macos-arm64, r-oldrel-macos-x86_64