Last updated on 2024-08-16 12:49:20 CEST.
Flavor | Version | Tinstall | Tcheck | Ttotal | Status | Flags |
---|---|---|---|---|---|---|
r-devel-linux-x86_64-debian-clang | 0.1.2 | 36.74 | 108.28 | 145.02 | OK | |
r-devel-linux-x86_64-debian-gcc | 0.1.2 | 27.93 | 81.81 | 109.74 | OK | |
r-devel-linux-x86_64-fedora-clang | 0.1.2 | 251.53 | OK | |||
r-devel-linux-x86_64-fedora-gcc | 0.1.2 | 254.49 | OK | |||
r-devel-windows-x86_64 | 0.1.2 | 38.00 | 152.00 | 190.00 | OK | |
r-patched-linux-x86_64 | 0.1.2 | 36.74 | 105.21 | 141.95 | OK | |
r-release-linux-x86_64 | 0.1.2 | 33.00 | 107.27 | 140.27 | OK | |
r-release-macos-arm64 | 0.1.2 | 72.00 | NOTE | |||
r-release-macos-x86_64 | 0.1.2 | 117.00 | NOTE | |||
r-release-windows-x86_64 | 0.1.2 | 40.00 | 153.00 | 193.00 | OK | |
r-oldrel-macos-arm64 | 0.1.2 | 66.00 | NOTE | |||
r-oldrel-macos-x86_64 | 0.1.2 | 117.00 | NOTE | |||
r-oldrel-windows-x86_64 | 0.1.2 | 50.00 | 186.00 | 236.00 | OK |
Version: 0.1.2
Check: installed package size
Result: NOTE
installed size is 5.4Mb
sub-directories of 1Mb or more:
data 2.3Mb
libs 2.7Mb
Flavors: r-release-macos-arm64, r-release-macos-x86_64, r-oldrel-macos-arm64, r-oldrel-macos-x86_64