Last updated on 2025-11-14 00:50:59 CET.
| Flavor | Version | Tinstall | Tcheck | Ttotal | Status | Flags |
|---|---|---|---|---|---|---|
| r-devel-linux-x86_64-debian-clang | 1.5 | 3.82 | 72.54 | 76.36 | NOTE | |
| r-devel-linux-x86_64-debian-gcc | 1.5 | 2.56 | 47.19 | 49.75 | NOTE | |
| r-devel-linux-x86_64-fedora-clang | 1.5 | 116.89 | OK | |||
| r-devel-linux-x86_64-fedora-gcc | 1.5 | 17.00 | 118.46 | 135.46 | OK | |
| r-devel-windows-x86_64 | 1.5 | 9.00 | 105.00 | 114.00 | OK | |
| r-patched-linux-x86_64 | 1.5 | 4.40 | 68.74 | 73.14 | OK | |
| r-release-linux-x86_64 | 1.5 | 3.53 | 67.79 | 71.32 | OK | |
| r-release-macos-arm64 | 1.5 | 3.00 | 41.00 | 44.00 | OK | |
| r-release-macos-x86_64 | 1.5 | 6.00 | 76.00 | 82.00 | OK | |
| r-release-windows-x86_64 | 1.5 | 7.00 | 94.00 | 101.00 | OK | |
| r-oldrel-macos-arm64 | 1.5 | 3.00 | 36.00 | 39.00 | OK | |
| r-oldrel-macos-x86_64 | 1.5 | 4.00 | 61.00 | 65.00 | OK | |
| r-oldrel-windows-x86_64 | 1.5 | 9.00 | 91.00 | 100.00 | OK |
Version: 1.5
Check: CRAN incoming feasibility
Result: NOTE
Maintainer: ‘Darren Wilkinson <darrenjwilkinson@btinternet.com>’
No Authors@R field in DESCRIPTION.
Please add one, modifying
Authors@R: person(given = "Darren",
family = "Wilkinson",
role = c("aut", "cre"),
email = "darrenjwilkinson@btinternet.com")
as necessary.
Flavors: r-devel-linux-x86_64-debian-clang, r-devel-linux-x86_64-debian-gcc