Last updated on 2024-07-18 01:55:43 CEST.
Flavor | Version | Tinstall | Tcheck | Ttotal | Status | Flags |
---|---|---|---|---|---|---|
r-devel-linux-x86_64-debian-clang | 0.1.2 | 11.78 | 93.69 | 105.47 | OK | |
r-devel-linux-x86_64-debian-gcc | 0.1.2 | 8.39 | 67.24 | 75.63 | OK | |
r-devel-linux-x86_64-fedora-clang | 0.1.2 | 127.16 | NOTE | |||
r-devel-linux-x86_64-fedora-gcc | 0.1.2 | 120.03 | OK | |||
r-devel-windows-x86_64 | 0.1.2 | 11.00 | 81.00 | 92.00 | OK | |
r-patched-linux-x86_64 | 0.1.2 | 9.38 | 87.02 | 96.40 | OK | |
r-release-linux-x86_64 | 0.1.2 | 6.81 | 85.82 | 92.63 | OK | |
r-release-macos-arm64 | 0.1.2 | 36.00 | OK | |||
r-release-macos-x86_64 | 0.1.2 | 57.00 | OK | |||
r-release-windows-x86_64 | 0.1.2 | 10.00 | 84.00 | 94.00 | OK | |
r-oldrel-macos-arm64 | 0.1.2 | 40.00 | OK | |||
r-oldrel-macos-x86_64 | 0.1.2 | 65.00 | OK | |||
r-oldrel-windows-x86_64 | 0.1.2 | 14.00 | 100.00 | 114.00 | OK |
Version: 0.1.2
Check: Rd cross-references
Result: NOTE
Undeclared package ‘andrews’ in Rd xrefs
Flavor: r-devel-linux-x86_64-fedora-clang