Last updated on 2025-07-11 12:49:33 CEST.
Flavor | Version | Tinstall | Tcheck | Ttotal | Status | Flags |
---|---|---|---|---|---|---|
r-devel-linux-x86_64-debian-clang | 0.0.1 | 2.04 | 36.16 | 38.20 | OK | |
r-devel-linux-x86_64-debian-gcc | 0.0.1 | 1.83 | 26.81 | 28.64 | OK | |
r-devel-linux-x86_64-fedora-clang | 0.0.1 | 62.57 | NOTE | |||
r-devel-linux-x86_64-fedora-gcc | 0.0.1 | 58.65 | NOTE | |||
r-devel-windows-x86_64 | 0.0.1 | 4.00 | 57.00 | 61.00 | OK | |
r-patched-linux-x86_64 | 0.0.1 | 2.73 | 35.03 | 37.76 | OK | |
r-release-linux-x86_64 | 0.0.1 | 2.34 | 34.02 | 36.36 | OK | |
r-release-macos-arm64 | 0.0.1 | 21.00 | OK | |||
r-release-macos-x86_64 | 0.0.1 | 36.00 | OK | |||
r-release-windows-x86_64 | 0.0.1 | 5.00 | 57.00 | 62.00 | OK | |
r-oldrel-macos-arm64 | 0.0.1 | 21.00 | OK | |||
r-oldrel-macos-x86_64 | 0.0.1 | 33.00 | OK | |||
r-oldrel-windows-x86_64 | 0.0.1 | 5.00 | 65.00 | 70.00 | OK |
Version: 0.0.1
Check: dependencies in R code
Result: NOTE
Namespaces in Imports field not imported from:
‘Rdpack’ ‘ggplot2’
All declared Imports should be used.
Flavors: r-devel-linux-x86_64-fedora-clang, r-devel-linux-x86_64-fedora-gcc