Last updated on 2024-08-16 12:49:20 CEST.
Flavor | Version | Tinstall | Tcheck | Ttotal | Status | Flags |
---|---|---|---|---|---|---|
r-devel-linux-x86_64-debian-clang | 3.9.4 | 3.28 | 163.45 | 166.73 | OK | |
r-devel-linux-x86_64-debian-gcc | 3.9.4 | 2.05 | 107.11 | 109.16 | OK | |
r-devel-linux-x86_64-fedora-clang | 3.9.4 | 267.52 | NOTE | |||
r-devel-linux-x86_64-fedora-gcc | 3.9.4 | 259.19 | NOTE | |||
r-devel-windows-x86_64 | 3.9.4 | 6.00 | 298.00 | 304.00 | OK | |
r-patched-linux-x86_64 | 3.9.4 | 3.63 | 150.63 | 154.26 | OK | |
r-release-linux-x86_64 | 3.9.4 | 3.27 | 157.16 | 160.43 | OK | |
r-release-macos-arm64 | 3.9.4 | 163.00 | OK | |||
r-release-macos-x86_64 | 3.9.4 | 264.00 | OK | |||
r-release-windows-x86_64 | 3.9.4 | 6.00 | 298.00 | 304.00 | OK | |
r-oldrel-macos-arm64 | 3.9.4 | 216.00 | OK | |||
r-oldrel-macos-x86_64 | 3.9.4 | 333.00 | OK | |||
r-oldrel-windows-x86_64 | 3.9.4 | 6.00 | 327.00 | 333.00 | OK |
Version: 3.9.4
Check: dependencies in R code
Result: NOTE
Namespace in Imports field not imported from: ‘backports’
All declared Imports should be used.
Flavors: r-devel-linux-x86_64-fedora-clang, r-devel-linux-x86_64-fedora-gcc