Last updated on 2024-08-16 12:49:21 CEST.
Flavor | Version | Tinstall | Tcheck | Ttotal | Status | Flags |
---|---|---|---|---|---|---|
r-devel-linux-x86_64-debian-clang | 2.22.0 | 21.07 | 245.54 | 266.61 | OK | |
r-devel-linux-x86_64-debian-gcc | 2.22.0 | 16.67 | 173.16 | 189.83 | OK | |
r-devel-linux-x86_64-fedora-clang | 2.22.0 | 435.08 | NOTE | |||
r-devel-linux-x86_64-fedora-gcc | 2.22.0 | 433.96 | OK | |||
r-devel-windows-x86_64 | 2.22.0 | 28.00 | 295.00 | 323.00 | OK | |
r-patched-linux-x86_64 | 2.22.0 | 29.08 | 237.71 | 266.79 | OK | |
r-release-linux-x86_64 | 2.22.0 | 23.00 | 240.00 | 263.00 | OK | |
r-release-macos-arm64 | 2.22.0 | 171.00 | OK | |||
r-release-macos-x86_64 | 2.22.0 | 393.00 | OK | |||
r-release-windows-x86_64 | 2.22.0 | 28.00 | 292.00 | 320.00 | OK | |
r-oldrel-macos-arm64 | 2.22.0 | 201.00 | OK | |||
r-oldrel-macos-x86_64 | 2.22.0 | 357.00 | OK | |||
r-oldrel-windows-x86_64 | 2.22.0 | 36.00 | 345.00 | 381.00 | OK |
Version: 2.22.0
Check: installed package size
Result: NOTE
installed size is 6.0Mb
sub-directories of 1Mb or more:
doc 1.6Mb
libs 2.1Mb
Flavor: r-devel-linux-x86_64-fedora-clang